[INFO] cloning repository https://github.com/TomTuanAn/SUI
[INFO] running `Command { std: "git" "-c" "credential.helper=" "-c" "credential.helper=/workspace/cargo-home/bin/git-credential-null" "clone" "--bare" "https://github.com/TomTuanAn/SUI" "/workspace/cache/git-repos/https%3A%2F%2Fgithub.com%2FTomTuanAn%2FSUI", kill_on_drop: false }`
[INFO] [stderr] Cloning into bare repository '/workspace/cache/git-repos/https%3A%2F%2Fgithub.com%2FTomTuanAn%2FSUI'...
[INFO] running `Command { std: "git" "rev-parse" "HEAD", kill_on_drop: false }`
[INFO] [stdout] 803778655fa9d8e08570ab98ad54ba2c5f44310b
[INFO] checking TomTuanAn/SUI against master#e6e4f7ed1589e03bc2f6c5931c1a72e7947e8682 for beta-170-4
[INFO] running `Command { std: "git" "clone" "/workspace/cache/git-repos/https%3A%2F%2Fgithub.com%2FTomTuanAn%2FSUI" "/workspace/builds/worker-5-tc2/source", kill_on_drop: false }`
[INFO] [stderr] Cloning into '/workspace/builds/worker-5-tc2/source'...
[INFO] [stderr] done.
[INFO] validating manifest of git repo https://github.com/TomTuanAn/SUI on toolchain e6e4f7ed1589e03bc2f6c5931c1a72e7947e8682
[INFO] running `Command { std: CARGO_HOME="/workspace/cargo-home" RUSTUP_HOME="/workspace/rustup-home" "/workspace/cargo-home/bin/cargo" "+e6e4f7ed1589e03bc2f6c5931c1a72e7947e8682" "metadata" "--manifest-path" "Cargo.toml" "--no-deps", kill_on_drop: false }`
[INFO] removed /workspace/builds/worker-5-tc2/source/.cargo/config
[INFO] removed /workspace/builds/worker-5-tc2/source/rust-toolchain
[INFO] started tweaking git repo https://github.com/TomTuanAn/SUI
[INFO] finished tweaking git repo https://github.com/TomTuanAn/SUI
[INFO] tweaked toml for git repo https://github.com/TomTuanAn/SUI written to /workspace/builds/worker-5-tc2/source/Cargo.toml
[INFO] crate git repo https://github.com/TomTuanAn/SUI already has a lockfile, it will not be regenerated
[INFO] running `Command { std: CARGO_HOME="/workspace/cargo-home" RUSTUP_HOME="/workspace/rustup-home" "/workspace/cargo-home/bin/cargo" "+e6e4f7ed1589e03bc2f6c5931c1a72e7947e8682" "fetch" "--manifest-path" "Cargo.toml", kill_on_drop: false }`
[INFO] running `Command { std: "docker" "create" "-v" "/var/lib/crater-agent-workspace/builds/worker-5-tc2/target:/opt/rustwide/target:rw,Z" "-v" "/var/lib/crater-agent-workspace/builds/worker-5-tc2/source:/opt/rustwide/workdir:ro,Z" "-v" "/var/lib/crater-agent-workspace/cargo-home:/opt/rustwide/cargo-home:ro,Z" "-v" "/var/lib/crater-agent-workspace/rustup-home:/opt/rustwide/rustup-home:ro,Z" "-e" "SOURCE_DIR=/opt/rustwide/workdir" "-e" "CARGO_TARGET_DIR=/opt/rustwide/target" "-e" "CARGO_HOME=/opt/rustwide/cargo-home" "-e" "RUSTUP_HOME=/opt/rustwide/rustup-home" "-w" "/opt/rustwide/workdir" "-m" "1610612736" "--user" "0:0" "--network" "none" "ghcr.io/rust-lang/crates-build-env/linux@sha256:19e73879b68f455e41552ea35293514db52ea292d993f571636dbffedb77a1ee" "/opt/rustwide/cargo-home/bin/cargo" "+e6e4f7ed1589e03bc2f6c5931c1a72e7947e8682" "metadata" "--no-deps" "--format-version=1", kill_on_drop: false }`
[INFO] [stdout] 8fe1f149f68452ccc0cea549f6e59d93b1e67ecc9ab8eaa4e6d3f898e2db76d0
[INFO] running `Command { std: "docker" "start" "-a" "8fe1f149f68452ccc0cea549f6e59d93b1e67ecc9ab8eaa4e6d3f898e2db76d0", kill_on_drop: false }`
[INFO] running `Command { std: "docker" "inspect" "8fe1f149f68452ccc0cea549f6e59d93b1e67ecc9ab8eaa4e6d3f898e2db76d0", kill_on_drop: false }`
[INFO] running `Command { std: "docker" "rm" "-f" "8fe1f149f68452ccc0cea549f6e59d93b1e67ecc9ab8eaa4e6d3f898e2db76d0", kill_on_drop: false }`
[INFO] [stdout] 8fe1f149f68452ccc0cea549f6e59d93b1e67ecc9ab8eaa4e6d3f898e2db76d0
[INFO] running `Command { std: "docker" "create" "-v" "/var/lib/crater-agent-workspace/builds/worker-5-tc2/target:/opt/rustwide/target:rw,Z" "-v" "/var/lib/crater-agent-workspace/builds/worker-5-tc2/source:/opt/rustwide/workdir:ro,Z" "-v" "/var/lib/crater-agent-workspace/cargo-home:/opt/rustwide/cargo-home:ro,Z" "-v" "/var/lib/crater-agent-workspace/rustup-home:/opt/rustwide/rustup-home:ro,Z" "-e" "SOURCE_DIR=/opt/rustwide/workdir" "-e" "CARGO_TARGET_DIR=/opt/rustwide/target" "-e" "CARGO_INCREMENTAL=0" "-e" "RUST_BACKTRACE=full" "-e" "RUSTFLAGS=--cap-lints=forbid" "-e" "RUSTDOCFLAGS=--cap-lints=forbid" "-e" "CARGO_HOME=/opt/rustwide/cargo-home" "-e" "RUSTUP_HOME=/opt/rustwide/rustup-home" "-w" "/opt/rustwide/workdir" "-m" "1610612736" "--user" "0:0" "--network" "none" "ghcr.io/rust-lang/crates-build-env/linux@sha256:19e73879b68f455e41552ea35293514db52ea292d993f571636dbffedb77a1ee" "/opt/rustwide/cargo-home/bin/cargo" "+e6e4f7ed1589e03bc2f6c5931c1a72e7947e8682" "check" "--frozen" "--all" "--all-targets" "--message-format=json", kill_on_drop: false }`
[INFO] [stdout] 8f867058af85e41a2931bc2113374df0e29f34712db89c3dddd53d9f94812d64
[INFO] running `Command { std: "docker" "start" "-a" "8f867058af85e41a2931bc2113374df0e29f34712db89c3dddd53d9f94812d64", kill_on_drop: false }`
[INFO] [stderr]     Blocking waiting for file lock on package cache
[INFO] [stderr]    Compiling proc-macro2 v1.0.39
[INFO] [stderr]    Compiling unicode-ident v1.0.0
[INFO] [stderr]    Compiling libc v0.2.126
[INFO] [stderr]    Compiling syn v1.0.96
[INFO] [stderr]    Compiling serde v1.0.137
[INFO] [stderr]    Compiling memchr v2.5.0
[INFO] [stderr]    Compiling log v0.4.17
[INFO] [stderr]    Compiling ahash v0.7.6
[INFO] [stderr]    Compiling indexmap v1.8.2
[INFO] [stderr]    Compiling generic-array v0.14.5
[INFO] [stderr]    Compiling parking_lot_core v0.9.3
[INFO] [stderr]    Compiling once_cell v1.12.0
[INFO] [stderr]    Compiling crossbeam-utils v0.8.8
[INFO] [stderr]    Compiling anyhow v1.0.57
[INFO] [stderr]     Checking scopeguard v1.1.0
[INFO] [stderr]    Compiling serde_json v1.0.81
[INFO] [stderr]    Compiling futures-core v0.3.21
[INFO] [stderr]    Compiling quote v1.0.18
[INFO] [stderr]    Compiling futures-channel v0.3.21
[INFO] [stderr]    Compiling futures-task v0.3.21
[INFO] [stderr]    Compiling futures-util v0.3.21
[INFO] [stderr]    Compiling num-traits v0.2.15
[INFO] [stderr]    Compiling regex-syntax v0.6.26
[INFO] [stderr]    Compiling num-bigint v0.4.3
[INFO] [stderr]    Compiling aho-corasick v0.7.18
[INFO] [stderr]    Compiling crossbeam-epoch v0.9.8
[INFO] [stderr]    Compiling jobserver v0.1.24
[INFO] [stderr]    Compiling getrandom v0.2.6
[INFO] [stderr]    Compiling cc v1.0.73
[INFO] [stderr]     Checking num_cpus v1.13.1
[INFO] [stderr]     Checking rand_core v0.6.3
[INFO] [stderr]    Compiling hashbrown v0.11.2
[INFO] [stderr]     Checking rand_chacha v0.3.1
[INFO] [stderr]     Checking rand v0.8.5
[INFO] [stderr]    Compiling heck v0.4.0
[INFO] [stderr]    Compiling ppv-lite86 v0.2.16
[INFO] [stderr]    Compiling adler v1.0.2
[INFO] [stderr]    Compiling backtrace v0.3.65
[INFO] [stderr]    Compiling proc-macro-error-attr v1.0.4
[INFO] [stderr]    Compiling miniz_oxide v0.5.3
[INFO] [stderr]     Checking lock_api v0.4.7
[INFO] [stderr]     Checking pin-project-lite v0.2.9
[INFO] [stderr]    Compiling regex v1.5.6
[INFO] [stderr]    Compiling either v1.6.1
[INFO] [stderr]    Compiling gimli v0.26.1
[INFO] [stderr]    Compiling smallvec v1.8.0
[INFO] [stderr]    Compiling object v0.28.4
[INFO] [stderr]    Compiling rustc-demangle v0.1.21
[INFO] [stderr]     Checking itoa v1.0.2
[INFO] [stderr]    Compiling unicode-xid v0.2.3
[INFO] [stderr]    Compiling ring v0.16.20
[INFO] [stderr]    Compiling async-trait v0.1.56
[INFO] [stderr]    Compiling num-integer v0.1.45
[INFO] [stderr]     Checking parking_lot v0.12.1
[INFO] [stderr]    Compiling bytes v1.1.0
[INFO] [stderr]     Checking ryu v1.0.10
[INFO] [stderr]     Checking tracing-core v0.1.26
[INFO] [stderr]    Compiling ucd-trie v0.1.3
[INFO] [stderr]    Compiling proc-macro-error v1.0.4
[INFO] [stderr]    Compiling synstructure v0.12.6
[INFO] [stderr]    Compiling fnv v1.0.7
[INFO] [stderr]    Compiling pest v2.1.3
[INFO] [stderr]    Compiling addr2line v0.17.0
[INFO] [stderr]     Checking signal-hook-registry v1.4.0
[INFO] [stderr]    Compiling paste v1.0.7
[INFO] [stderr]    Compiling httparse v1.7.1
[INFO] [stderr]     Checking crossbeam-channel v0.5.4
[INFO] [stderr]     Checking digest v0.9.0
[INFO] [stderr]    Compiling itertools v0.10.3
[INFO] [stderr]     Checking socket2 v0.4.4
[INFO] [stderr]    Compiling ref-cast v1.0.7
[INFO] [stderr]     Checking futures-sink v0.3.21
[INFO] [stderr]    Compiling strsim v0.10.0
[INFO] [stderr]    Compiling rustls v0.20.6
[INFO] [stderr]    Compiling semver-parser v0.10.2
[INFO] [stderr]     Checking futures-io v0.3.21
[INFO] [stderr]    Compiling rayon v1.5.3
[INFO] [stderr]    Compiling semver v0.11.0
[INFO] [stderr]     Checking slab v0.4.6
[INFO] [stderr]    Compiling serde_derive v1.0.137
[INFO] [stderr]    Compiling thiserror-impl v1.0.31
[INFO] [stderr]    Compiling tracing-attributes v0.1.21
[INFO] [stderr]    Compiling tokio-macros v1.8.0
[INFO] [stderr]    Compiling futures-macro v0.3.21
[INFO] [stderr]    Compiling zeroize_derive v1.3.2
[INFO] [stderr]    Compiling clap_derive v3.1.18
[INFO] [stderr]    Compiling pin-project-internal v1.0.10
[INFO] [stderr]    Compiling thiserror v1.0.31
[INFO] [stderr]    Compiling ref-cast-impl v1.0.7
[INFO] [stderr]    Compiling variant_count v1.1.0
[INFO] [stderr]     Checking cpufeatures v0.2.2
[INFO] [stderr]    Compiling ark-serialize-derive v0.3.0
[INFO] [stderr]     Checking crossbeam-deque v0.8.1
[INFO] [stderr]     Checking block-buffer v0.9.0
[INFO] [stderr]    Compiling rustc_version v0.3.3
[INFO] [stderr]    Compiling ark-ff v0.3.0
[INFO] [stderr]    Compiling derivative v2.2.0
[INFO] [stderr]    Compiling ark-ff-asm v0.3.0
[INFO] [stderr]    Compiling ark-ff-macros v0.3.0
[INFO] [stderr]     Checking rayon-core v1.9.3
[INFO] [stderr]    Compiling minimal-lexical v0.2.1
[INFO] [stderr]    Compiling hex v0.4.3
[INFO] [stderr]    Compiling nom v7.1.1
[INFO] [stderr]    Compiling prost-derive v0.10.1
[INFO] [stderr]    Compiling pin-utils v0.1.0
[INFO] [stderr]    Compiling tempfile v3.3.0
[INFO] [stderr]     Checking regex-automata v0.1.10
[INFO] [stderr]     Checking byteorder v1.4.3
[INFO] [stderr]     Checking base64 v0.13.0
[INFO] [stderr]    Compiling ident_case v1.0.1
[INFO] [stderr]     Checking atty v0.2.14
[INFO] [stderr]    Compiling rustc-hash v1.1.0
[INFO] [stderr]    Compiling async-stream-impl v0.3.3
[INFO] [stderr]     Checking http v0.2.7
[INFO] [stderr]    Compiling Inflector v0.11.4
[INFO] [stderr]    Compiling ouroboros_macro v0.9.5
[INFO] [stderr]     Checking zeroize v1.5.5
[INFO] [stderr]     Checking http-body v0.4.5
[INFO] [stderr]     Checking serde_bytes v0.11.6
[INFO] [stderr]     Checking tracing v0.1.34
[INFO] [stderr]     Checking mio v0.8.3
[INFO] [stderr]    Compiling toml v0.5.9
[INFO] [stderr]     Checking tokio v1.19.1
[INFO] [stderr]     Checking os_str_bytes v6.1.0
[INFO] [stderr]    Compiling wasm-bindgen-shared v0.2.80
[INFO] [stderr]     Checking tower-service v0.3.1
[INFO] [stderr]     Checking clap_lex v0.2.0
[INFO] [stderr]     Checking textwrap v0.15.0
[INFO] [stderr]     Checking try-lock v0.2.3
[INFO] [stderr]     Checking clap v3.1.18
[INFO] [stderr]    Compiling clang-sys v1.3.3
[INFO] [stderr]     Checking want v0.3.0
[INFO] [stderr]     Checking sha2 v0.9.9
[INFO] [stderr]    Compiling proc-macro-crate v1.1.3
[INFO] [stderr]    Compiling memoffset v0.6.5
[INFO] [stderr]    Compiling bumpalo v3.10.0
[INFO] [stderr]    Compiling wasm-bindgen-backend v0.2.80
[INFO] [stderr]    Compiling eyre v0.6.8
[INFO] [stderr]     Checking futures-executor v0.3.21
[INFO] [stderr]     Checking pin-project v1.0.10
[INFO] [stderr]    Compiling bzip2-sys v0.1.11+1.0.8
[INFO] [stderr]    Compiling libz-sys v1.1.8
[INFO] [stderr]    Compiling zstd-sys v1.6.3+zstd.1.5.2
[INFO] [stderr]    Compiling libloading v0.7.3
[INFO] [stderr]    Compiling percent-encoding v2.1.0
[INFO] [stderr]    Compiling bindgen v0.59.2
[INFO] [stderr]    Compiling wasm-bindgen-macro-support v0.2.80
[INFO] [stderr]    Compiling wasm-bindgen v0.2.80
[INFO] [stderr]    Compiling termcolor v1.1.3
[INFO] [stderr]    Compiling fixedbitset v0.4.1
[INFO] [stderr]    Compiling petgraph v0.6.2
[INFO] [stderr]     Checking bstr v0.2.17
[INFO] [stderr]    Compiling wasm-bindgen-macro v0.2.80
[INFO] [stderr]     Checking tokio-util v0.7.3
[INFO] [stderr]    Compiling cexpr v0.6.0
[INFO] [stderr]     Checking h2 v0.3.13
[INFO] [stderr]    Compiling lazycell v1.3.0
[INFO] [stderr]    Compiling peeking_take_while v0.1.2
[INFO] [stderr]    Compiling shlex v1.1.0
[INFO] [stderr]     Checking keccak v0.1.2
[INFO] [stderr]    Compiling num-iter v0.1.43
[INFO] [stderr]    Compiling num-rational v0.4.0
[INFO] [stderr]    Compiling spin v0.5.2
[INFO] [stderr]    Compiling untrusted v0.7.1
[INFO] [stderr]    Compiling bcs v0.1.3
[INFO] [stderr]    Compiling prost v0.10.4
[INFO] [stderr]     Checking webpki v0.22.0
[INFO] [stderr]    Compiling darling_core v0.13.4
[INFO] [stderr]    Compiling move-core-types v0.0.4 (https://github.com/move-language/move?rev=ae62d5f1955a9b92c3ddd31d3cc4467f9aff76ae#ae62d5f1)
[INFO] [stderr]    Compiling multihash-derive v0.8.0
[INFO] [stderr]     Checking sct v0.7.0
[INFO] [stderr]    Compiling blst v0.3.6
[INFO] [stderr]    Compiling camino v1.0.9
[INFO] [stderr]     Checking hyper v0.14.19
[INFO] [stderr]    Compiling prost-types v0.10.1
[INFO] [stderr]     Checking futures v0.3.21
[INFO] [stderr]     Checking rustls-pemfile v1.0.0
[INFO] [stderr]    Compiling uncased v0.9.7
[INFO] [stderr]    Compiling darling_macro v0.13.4
[INFO] [stderr]    Compiling unicode-width v0.1.9
[INFO] [stderr]    Compiling semver v1.0.9
[INFO] [stderr]    Compiling darling_core v0.14.1
[INFO] [stderr]    Compiling darling v0.13.4
[INFO] [stderr]    Compiling serde_with_macros v1.5.2
[INFO] [stderr]    Compiling readonly v0.2.1
[INFO] [stderr]    Compiling prettyplease v0.1.11
[INFO] [stderr]    Compiling librocksdb-sys v0.6.1+6.28.2
[INFO] [stderr]    Compiling which v4.2.5
[INFO] [stderr]    Compiling cmake v0.1.48
[INFO] [stderr]    Compiling move-binary-format v0.0.3 (https://github.com/move-language/move?rev=ae62d5f1955a9b92c3ddd31d3cc4467f9aff76ae#ae62d5f1)
[INFO] [stderr]     Checking getrandom v0.1.16
[INFO] [stderr]    Compiling prost-build v0.10.4
[INFO] [stderr]     Checking rand_core v0.5.1
[INFO] [stderr]    Compiling matches v0.1.9
[INFO] [stderr]    Compiling httpdate v1.0.2
[INFO] [stderr]    Compiling multimap v0.8.3
[INFO] [stderr]    Compiling form_urlencoded v1.0.1
[INFO] [stderr]    Compiling siphasher v0.3.10
[INFO] [stderr]     Checking arrayvec v0.7.2
[INFO] [stderr]    Compiling tonic-build v0.7.2
[INFO] [stderr]    Compiling fixedbitset v0.2.0
[INFO] [stderr]    Compiling petgraph v0.5.1
[INFO] [stderr]    Compiling phf_shared v0.10.0
[INFO] [stderr]    Compiling darling_macro v0.14.1
[INFO] [stderr]     Checking hashbrown v0.12.1
[INFO] [stderr]    Compiling static_assertions v1.1.0
[INFO] [stderr]    Compiling time-macros v0.2.4
[INFO] [stderr]    Compiling tonic-health v0.6.0
[INFO] [stderr]    Compiling darling v0.14.1
[INFO] [stderr]    Compiling derive_builder_core v0.11.2
[INFO] [stderr]     Checking dashmap v5.3.4
[INFO] [stderr]     Checking rand_chacha v0.2.2
[INFO] [stderr]     Checking rand_pcg v0.2.1
[INFO] [stderr]     Checking tokio-stream v0.1.9
[INFO] [stderr]    Compiling im v15.1.0
[INFO] [stderr]    Compiling difference v2.0.0
[INFO] [stderr]    Compiling target-lexicon v0.12.4
[INFO] [stderr]    Compiling guppy-workspace-hack v0.1.0
[INFO] [stderr]    Compiling move-command-line-common v0.1.0 (https://github.com/move-language/move?rev=ae62d5f1955a9b92c3ddd31d3cc4467f9aff76ae#ae62d5f1)
[INFO] [stderr]     Checking rand v0.7.3
[INFO] [stderr]    Compiling derive_builder_macro v0.11.2
[INFO] [stderr]    Compiling phf_generator v0.10.0
[INFO] [stderr]    Compiling move-symbol-pool v0.1.0 (https://github.com/move-language/move?rev=ae62d5f1955a9b92c3ddd31d3cc4467f9aff76ae#ae62d5f1)
[INFO] [stderr]    Compiling instant v0.1.12
[INFO] [stderr]     Checking indenter v0.3.3
[INFO] [stderr]    Compiling tinyvec_macros v0.1.0
[INFO] [stderr]    Compiling tinyvec v1.6.0
[INFO] [stderr]    Compiling move-ir-types v0.1.0 (https://github.com/move-language/move?rev=ae62d5f1955a9b92c3ddd31d3cc4467f9aff76ae#ae62d5f1)
[INFO] [stderr]     Checking flate2 v1.0.24
[INFO] [stderr]    Compiling phf_codegen v0.10.0
[INFO] [stderr]    Compiling phf v0.10.1
[INFO] [stderr]    Compiling openssl-sys v0.9.74
[INFO] [stderr]    Compiling parse-zoneinfo v0.3.0
[INFO] [stderr]    Compiling unicode-normalization v0.1.19
[INFO] [stderr]    Compiling chrono-tz-build v0.0.2
[INFO] [stderr]     Checking hdrhistogram v7.5.0
[INFO] [stderr]     Checking serde_urlencoded v0.7.1
[INFO] [stderr]    Compiling codespan-reporting v0.11.1
[INFO] [stderr]     Checking signature v1.5.0
[INFO] [stderr]     Checking tower-layer v0.3.1
[INFO] [stderr]    Compiling move-borrow-graph v0.0.1 (https://github.com/move-language/move?rev=ae62d5f1955a9b92c3ddd31d3cc4467f9aff76ae#ae62d5f1)
[INFO] [stderr]    Compiling unicode-bidi v0.3.8
[INFO] [stderr]     Checking tower v0.4.12
[INFO] [stderr]    Compiling move-bytecode-verifier v0.1.0 (https://github.com/move-language/move?rev=ae62d5f1955a9b92c3ddd31d3cc4467f9aff76ae#ae62d5f1)
[INFO] [stderr]     Checking ed25519 v1.5.2
[INFO] [stderr]    Compiling chrono-tz v0.6.1
[INFO] [stderr]    Compiling move-bytecode-source-map v0.1.0 (https://github.com/move-language/move?rev=ae62d5f1955a9b92c3ddd31d3cc4467f9aff76ae#ae62d5f1)
[INFO] [stderr]    Compiling ark-std v0.3.0
[INFO] [stderr]    Compiling sha3 v0.9.1
[INFO] [stderr]     Checking fastrand v1.7.0
[INFO] [stderr]    Compiling tokio-rustls v0.23.4
[INFO] [stderr]     Checking remove_dir_all v0.5.3
[INFO] [stderr]     Checking http-range-header v0.3.0
[INFO] [stderr]    Compiling maplit v1.0.2
[INFO] [stderr]    Compiling target-spec v1.0.2
[INFO] [stderr]    Compiling stable_deref_trait v1.2.0
[INFO] [stderr]     Checking tower-http v0.3.3
[INFO] [stderr]    Compiling ouroboros v0.9.5
[INFO] [stderr]    Compiling pest_meta v2.1.3
[INFO] [stderr]    Compiling ark-serialize v0.3.0
[INFO] [stderr]    Compiling idna v0.2.3
[INFO] [stderr]     Checking axum-core v0.2.4
[INFO] [stderr]    Compiling move-ir-to-bytecode-syntax v0.1.0 (https://github.com/move-language/move?rev=ae62d5f1955a9b92c3ddd31d3cc4467f9aff76ae#ae62d5f1)
[INFO] [stderr]     Checking tokio-io-timeout v1.2.0
[INFO] [stderr]    Compiling crc32fast v1.3.2
[INFO] [stderr]    Compiling signal-hook v0.3.14
[INFO] [stderr]     Checking sync_wrapper v0.1.1
[INFO] [stderr]    Compiling ansi_term v0.12.1
[INFO] [stderr]     Checking matchit v0.5.0
[INFO] [stderr]     Checking hyper-timeout v0.4.1
[INFO] [stderr]    Compiling move-ir-to-bytecode v0.1.0 (https://github.com/move-language/move?rev=ae62d5f1955a9b92c3ddd31d3cc4467f9aff76ae#ae62d5f1)
[INFO] [stderr]    Compiling url v2.2.2
[INFO] [stderr]     Checking axum v0.5.6
[INFO] [stderr]    Compiling pest_generator v2.1.3
[INFO] [stderr]     Checking tracing-futures v0.2.5
[INFO] [stderr]     Checking async-stream v0.3.3
[INFO] [stderr]     Checking tracing-subscriber v0.2.25
[INFO] [stderr]    Compiling arrayvec v0.5.2
[INFO] [stderr]    Compiling pest_derive v2.1.0
[INFO] [stderr]    Compiling codespan v0.11.1
[INFO] [stderr]    Compiling colored v2.0.0
[INFO] [stderr]    Compiling better_typeid_derive v0.1.1
[INFO] [stderr]    Compiling vte_generate_state_changes v0.1.1
[INFO] [stderr]    Compiling thread_local v1.1.4
[INFO] [stderr]    Compiling openssl v0.10.40
[INFO] [stderr]    Compiling mime v0.3.16
[INFO] [stderr]    Compiling lexical-core v0.7.6
[INFO] [stderr]    Compiling move-coverage v0.1.0 (https://github.com/move-language/move?rev=ae62d5f1955a9b92c3ddd31d3cc4467f9aff76ae#ae62d5f1)
[INFO] [stderr]    Compiling move-compiler v0.0.1 (https://github.com/move-language/move?rev=ae62d5f1955a9b92c3ddd31d3cc4467f9aff76ae#ae62d5f1)
[INFO] [stderr]    Compiling parking_lot_core v0.8.5
[INFO] [stderr]    Compiling parking_lot v0.11.2
[INFO] [stderr]     Checking crypto-mac v0.8.0
[INFO] [stderr]    Compiling openssl-macros v0.1.0
[INFO] [stderr]    Compiling num-complex v0.4.1
[INFO] [stderr]     Checking threadpool v1.8.1
[INFO] [stderr]    Compiling nom v5.1.2
[INFO] [stderr]    Compiling arrayref v0.3.6
[INFO] [stderr]    Compiling js-sys v0.3.57
[INFO] [stderr]     Checking blake2 v0.9.2
[INFO] [stderr]    Compiling num v0.4.0
[INFO] [stderr]    Compiling internment v0.5.6
[INFO] [stderr]    Compiling globset v0.4.8
[INFO] [stderr]     Checking bincode v1.3.3
[INFO] [stderr]    Compiling native-tls v0.2.10
[INFO] [stderr]    Compiling humantime v2.1.0
[INFO] [stderr]    Compiling include_dir_macros v0.7.2
[INFO] [stderr]     Checking csv-core v0.1.10
[INFO] [stderr]    Compiling event-listener v2.5.2
[INFO] [stderr]     Checking blake2s_simd v1.0.0
[INFO] [stderr]     Checking csv v1.1.6
[INFO] [stderr]    Compiling tonic v0.7.2
[INFO] [stderr]     Checking env_logger v0.9.0
[INFO] [stderr]    Compiling async-recursion v1.0.0
[INFO] [stderr]    Compiling block-buffer v0.10.2
[INFO] [stderr]    Compiling crypto-common v0.1.3
[INFO] [stderr]     Checking lru v0.7.6
[INFO] [stderr]     Checking core2 v0.4.0
[INFO] [stderr]    Compiling itoa v0.4.8
[INFO] [stderr]    Compiling ark-ec v0.3.0
[INFO] [stderr]    Compiling ark-relations v0.3.0
[INFO] [stderr]    Compiling unsigned-varint v0.7.1
[INFO] [stderr]    Compiling constant_time_eq v0.1.5
[INFO] [stderr]     Checking multihash v0.16.2
[INFO] [stderr]    Compiling digest v0.10.3
[INFO] [stderr]    Compiling ark-snark v0.3.0
[INFO] [stderr]    Compiling merlin v2.0.1
[INFO] [stderr]    Compiling curve25519-dalek v3.2.0
[INFO] [stderr]    Compiling ark-bls12-377 v0.3.0
[INFO] [stderr]    Compiling ark-crypto-primitives v0.3.0
[INFO] [stderr]    Compiling move-disassembler v0.1.0 (https://github.com/move-language/move?rev=ae62d5f1955a9b92c3ddd31d3cc4467f9aff76ae#ae62d5f1)
[INFO] [stderr]    Compiling ark-ed-on-cp6-782 v0.3.0
[INFO] [stderr]    Compiling ark-ed-on-bw6-761 v0.3.0
[INFO] [stderr]    Compiling cargo-platform v0.1.2
[INFO] [stderr]    Compiling bitmaps v2.1.0
[INFO] [stderr]    Compiling move-model v0.1.0 (https://github.com/move-language/move?rev=ae62d5f1955a9b92c3ddd31d3cc4467f9aff76ae#ae62d5f1)
[INFO] [stderr]    Compiling crossbeam-utils v0.7.2
[INFO] [stderr]    Compiling num_threads v0.1.6
[INFO] [stderr]     Checking data-encoding v2.3.2
[INFO] [stderr]    Compiling openssl-probe v0.1.5
[INFO] [stderr]    Compiling time v0.3.9
[INFO] [stderr]     Checking multiaddr v0.14.0
[INFO] [stderr]    Compiling sized-chunks v0.6.5
[INFO] [stderr]    Compiling bls-crypto v0.2.0 (https://github.com/huitseeker/celo-bls-snark-rs?branch=updates-2#9f5a0e6f)
[INFO] [stderr]     Checking ed25519-dalek v1.0.1
[INFO] [stderr]    Compiling cargo_metadata v0.14.2
[INFO] [stderr]    Compiling move-read-write-set-types v0.0.3 (https://github.com/move-language/move?rev=ae62d5f1955a9b92c3ddd31d3cc4467f9aff76ae#ae62d5f1)
[INFO] [stderr]    Compiling serde_with v1.14.0
[INFO] [stderr]    Compiling rand_xoshiro v0.6.0
[INFO] [stderr]    Compiling time v0.1.43
[INFO] [stderr]     Checking base64ct v1.5.0
[INFO] [stderr]    Compiling unic-char-range v0.9.0
[INFO] [stderr]    Compiling unic-common v0.9.0
[INFO] [stderr]    Compiling unic-ucd-version v0.9.0
[INFO] [stderr]    Compiling unic-char-property v0.9.0
[INFO] [stderr]    Compiling chrono v0.4.19
[INFO] [stderr]    Compiling wasm-bindgen-futures v0.4.30
[INFO] [stderr]    Compiling gloo-timers v0.2.4
[INFO] [stderr]    Compiling beef v0.5.2
[INFO] [stderr]    Compiling sha-1 v0.9.8
[INFO] [stderr]    Compiling collectable v0.0.2
[INFO] [stderr]    Compiling vcpkg v0.2.15
[INFO] [stderr]    Compiling io-lifetimes v0.6.1
[INFO] [stderr]    Compiling ethnum v1.2.1
[INFO] [stderr]    Compiling send_wrapper v0.4.0
[INFO] [stderr]    Compiling futures-timer v3.0.2
[INFO] [stderr]    Compiling soketto v0.7.1
[INFO] [stderr]    Compiling move-stackless-bytecode v0.1.0 (https://github.com/move-language/move?rev=ae62d5f1955a9b92c3ddd31d3cc4467f9aff76ae#ae62d5f1)
[INFO] [stderr]    Compiling libsqlite3-sys v0.24.2
[INFO] [stderr]    Compiling jsonrpsee-types v0.13.1
[INFO] [stderr]    Compiling unic-ucd-segment v0.9.0
[INFO] [stderr]    Compiling async-lock v2.5.0
[INFO] [stderr]    Compiling ignore v0.4.18
[INFO] [stderr]    Compiling webpki v0.21.4
[INFO] [stderr]    Compiling matchers v0.1.0
[INFO] [stderr]    Compiling tracing-log v0.1.3
[INFO] [stderr]    Compiling serde-reflection v0.3.6
[INFO] [stderr]    Compiling sharded-slab v0.1.4
[INFO] [stderr]    Compiling test-fuzz-internal v3.0.2
[INFO] [stderr]    Compiling arc-swap v1.5.0
[INFO] [stderr]    Compiling deunicode v0.4.3
[INFO] [stderr]    Compiling tracing-subscriber v0.3.11
[INFO] [stderr]    Compiling slug v0.1.4
[INFO] [stderr]    Compiling move-bytecode-utils v0.1.0 (https://github.com/move-language/move?rev=ae62d5f1955a9b92c3ddd31d3cc4467f9aff76ae#ae62d5f1)
[INFO] [stderr]    Compiling unicase v2.6.0
[INFO] [stderr]    Compiling globwalk v0.8.1
[INFO] [stderr]    Compiling jsonrpsee-core v0.13.1
[INFO] [stderr]    Compiling strum_macros v0.24.0
[INFO] [stderr]    Compiling unic-segment v0.9.0
[INFO] [stderr]    Compiling crossbeam-queue v0.3.5
[INFO] [stderr]    Compiling derive_builder v0.11.2
[INFO] [stderr]    Compiling sct v0.6.1
[INFO] [stderr]    Compiling mio v0.7.14
[INFO] [stderr]    Compiling humansize v1.1.1
[INFO] [stderr]    Compiling typed-arena v2.0.1
[INFO] [stderr]    Compiling linked-hash-map v0.5.4
[INFO] [stderr]    Compiling fiat-crypto v0.1.13
[INFO] [stderr]    Compiling utf8parse v0.2.0
[INFO] [stderr]    Compiling rustix v0.34.8
[INFO] [stderr]    Compiling yaml-rust v0.4.5
[INFO] [stderr]    Compiling signal-hook-mio v0.2.3
[INFO] [stderr]    Compiling pretty v0.10.0
[INFO] [stderr]    Compiling rustls v0.19.1
[INFO] [stderr]    Compiling move-abigen v0.1.0 (https://github.com/move-language/move?rev=ae62d5f1955a9b92c3ddd31d3cc4467f9aff76ae#ae62d5f1)
[INFO] [stderr]    Compiling cfg-expr v0.10.3
[INFO] [stderr]    Compiling tera v1.15.0
[INFO] [stderr]    Compiling move-docgen v0.1.0 (https://github.com/move-language/move?rev=ae62d5f1955a9b92c3ddd31d3cc4467f9aff76ae#ae62d5f1)
[INFO] [stderr]    Compiling rustls-native-certs v0.6.2
[INFO] [stderr]    Compiling web-sys v0.3.57
[INFO] [stderr]    Compiling curve25519-dalek-fiat v0.1.0
[INFO] [stderr]    Compiling better_any v0.1.1
[INFO] [stderr]    Compiling fail v0.4.0
[INFO] [stderr]    Compiling webpki-roots v0.22.3
[INFO] [stderr]    Compiling move-vm-types v0.1.0 (https://github.com/move-language/move?rev=ae62d5f1955a9b92c3ddd31d3cc4467f9aff76ae#ae62d5f1)
[INFO] [stderr]    Compiling diffus v0.10.0
[INFO] [stderr]    Compiling num-traits v0.1.43
[INFO] [stderr]    Compiling dirs-sys v0.3.7
[INFO] [stderr]    Compiling encoding_rs v0.8.31
[INFO] [stderr]    Compiling foreign-types-shared v0.1.1
[INFO] [stderr]    Compiling serde v0.8.23
[INFO] [stderr]    Compiling foreign-types v0.3.2
[INFO] [stderr]    Compiling move-vm-runtime v0.1.0 (https://github.com/move-language/move?rev=ae62d5f1955a9b92c3ddd31d3cc4467f9aff76ae#ae62d5f1)
[INFO] [stderr]    Compiling guppy-summaries v0.7.0
[INFO] [stderr]    Compiling gloo-utils v0.1.3
[INFO] [stderr]    Compiling move-prover-boogie-backend v0.1.0 (https://github.com/move-language/move?rev=ae62d5f1955a9b92c3ddd31d3cc4467f9aff76ae#ae62d5f1)
[INFO] [stderr]    Compiling serde-hjson v0.9.1
[INFO] [stderr]    Compiling ed25519-dalek-fiat v0.1.0
[INFO] [stderr]    Compiling tokio-rustls v0.22.0
[INFO] [stderr]    Compiling vte v0.10.1
[INFO] [stderr]    Compiling mysten-network v0.1.0 (https://github.com/MystenLabs/mysten-infra?rev=7c247967e5a5abd59ecaa75bc62b05bcdf4503fe#7c247967)
[INFO] [stderr]    Compiling simplelog v0.9.0
[INFO] [stderr]    Compiling parking_lot_core v0.7.2
[INFO] [stderr]    Compiling move-errmapgen v0.1.0 (https://github.com/move-language/move?rev=ae62d5f1955a9b92c3ddd31d3cc4467f9aff76ae#ae62d5f1)
[INFO] [stderr]    Compiling pathdiff v0.2.1
[INFO] [stderr]    Compiling backoff v0.4.0
[INFO] [stderr]    Compiling debug-ignore v1.0.2
[INFO] [stderr]    Compiling spin v0.9.3
[INFO] [stderr]    Compiling lock_api v0.3.4
[INFO] [stderr]    Compiling ordered-float v2.10.0
[INFO] [stderr]    Compiling dirs-sys-next v0.1.2
[INFO] [stderr]    Compiling nested v0.1.1
[INFO] [stderr]    Compiling rust-ini v0.13.0
[INFO] [stderr]    Compiling test-fuzz-runtime v3.0.2
[INFO] [stderr]    Compiling unicode_categories v0.1.1
[INFO] [stderr]    Compiling lazy_static v0.2.11
[INFO] [stderr]    Compiling match_opt v0.1.2
[INFO] [stderr]    Compiling crc-catalog v1.1.1
[INFO] [stderr]    Compiling prometheus v0.13.1
[INFO] [stderr]    Compiling tint v1.0.1
[INFO] [stderr]    Compiling crc v2.1.0
[INFO] [stderr]    Compiling sqlformat v0.1.8
[INFO] [stderr]    Compiling config v0.11.0
[INFO] [stderr]    Compiling serde-value v0.7.0
[INFO] [stderr]    Compiling guppy v0.14.2
[INFO] [stderr]    Compiling dirs-next v2.0.0
[INFO] [stderr]    Compiling parking_lot v0.10.2
[INFO] [stderr]    Compiling flume v0.10.13
[INFO] [stderr]    Compiling move-prover v0.1.0 (https://github.com/move-language/move?rev=ae62d5f1955a9b92c3ddd31d3cc4467f9aff76ae#ae62d5f1)
[INFO] [stderr]    Compiling strip-ansi-escapes v0.1.1
[INFO] [stderr]    Compiling sqlx-rt v0.5.13
[INFO] [stderr]    Compiling bytecode-interpreter-crypto v0.1.0 (https://github.com/move-language/move?rev=ae62d5f1955a9b92c3ddd31d3cc4467f9aff76ae#ae62d5f1)
[INFO] [stderr]    Compiling gloo-net v0.2.0
[INFO] [stderr]    Compiling directories v4.0.1
[INFO] [stderr]    Compiling crossterm v0.22.1
[INFO] [stderr]    Compiling webpki-roots v0.21.1
[INFO] [stderr]    Compiling sha2 v0.10.2
[INFO] [stderr]    Compiling futures-intrusive v0.4.0
[INFO] [stderr]    Compiling stringprep v0.1.2
[INFO] [stderr]    Compiling opentelemetry v0.17.0
[INFO] [stderr]    Compiling kstring v1.0.6
[INFO] [stderr]    Compiling combine v4.6.4
[INFO] [stderr]    Compiling hashlink v0.7.0
[INFO] [stderr]    Compiling atoi v0.4.0
[INFO] [stderr]    Compiling home v0.5.3
[INFO] [stderr]    Compiling cassowary v0.3.0
[INFO] [stderr]    Compiling test-fuzz-macro v3.0.2
[INFO] [stderr]     Checking unicode-segmentation v1.9.0
[INFO] [stderr]    Compiling tui v0.17.0
[INFO] [stderr]    Compiling toolchain_find v0.2.0
[INFO] [stderr]    Compiling move-stdlib v0.1.0 (https://github.com/move-language/move?rev=ae62d5f1955a9b92c3ddd31d3cc4467f9aff76ae#ae62d5f1)
[INFO] [stderr]    Compiling ptree v0.4.0
[INFO] [stderr]    Compiling jsonrpsee-client-transport v0.13.1
[INFO] [stderr]    Compiling move-stackless-bytecode-interpreter v0.1.0 (https://github.com/move-language/move?rev=ae62d5f1955a9b92c3ddd31d3cc4467f9aff76ae#ae62d5f1)
[INFO] [stderr]    Compiling tabular v0.2.0
[INFO] [stderr]    Compiling named-lock v0.1.1
[INFO] [stderr]    Compiling move-table-extension v0.1.0 (https://github.com/move-language/move?rev=ae62d5f1955a9b92c3ddd31d3cc4467f9aff76ae#ae62d5f1)
[INFO] [stderr]    Compiling crossterm v0.21.0
[INFO] [stderr]    Compiling serde_yaml v0.8.24
[INFO] [stderr]    Compiling move-resource-viewer v0.1.0 (https://github.com/move-language/move?rev=ae62d5f1955a9b92c3ddd31d3cc4467f9aff76ae#ae62d5f1)
[INFO] [stderr]    Compiling read-write-set-dynamic v0.1.0 (https://github.com/move-language/move?rev=ae62d5f1955a9b92c3ddd31d3cc4467f9aff76ae#ae62d5f1)
[INFO] [stderr]    Compiling maybe-uninit v2.0.0
[INFO] [stderr]    Compiling include_dir v0.7.2
[INFO] [stderr]    Compiling diffy v0.2.2
[INFO] [stderr]    Compiling twox-hash v1.6.3
[INFO] [stderr]    Compiling move-vm-test-utils v0.1.0 (https://github.com/move-language/move?rev=ae62d5f1955a9b92c3ddd31d3cc4467f9aff76ae#ae62d5f1)
[INFO] [stderr]    Compiling jsonrpsee-proc-macros v0.13.1
[INFO] [stderr]    Compiling atomicwrites v0.3.1
[INFO] [stderr]    Compiling unzip-n v0.1.2
[INFO] [stderr]    Compiling serde_derive_internals v0.26.0
[INFO] [stderr]    Compiling ordered-float v1.1.1
[INFO] [stderr]    Compiling subprocess v0.2.9
[INFO] [stderr]    Compiling bimap v0.6.2
[INFO] [stderr]    Compiling owo-colors v3.4.0
[INFO] [stderr]    Compiling schemars v0.8.10
[INFO] [stderr]    Compiling dotenv v0.15.0
[INFO] [stderr]    Compiling linux-raw-sys v0.0.46
[INFO] [stderr]    Compiling integer-encoding v3.0.3
[INFO] [stderr]    Compiling test-fuzz v3.0.2
[INFO] [stderr]    Compiling if_chain v1.0.2
[INFO] [stderr]    Compiling schemars_derive v0.8.10
[INFO] [stderr]    Compiling thrift v0.15.0
[INFO] [stderr]    Compiling toml_edit v0.13.4
[INFO] [stderr]    Compiling move-unit-test v0.1.0 (https://github.com/move-language/move?rev=ae62d5f1955a9b92c3ddd31d3cc4467f9aff76ae#ae62d5f1)
[INFO] [stderr]    Compiling move-package v0.1.0 (https://github.com/move-language/move?rev=ae62d5f1955a9b92c3ddd31d3cc4467f9aff76ae#ae62d5f1)
[INFO] [stderr]    Compiling crossbeam-channel v0.4.4
[INFO] [stderr]    Compiling move-bytecode-viewer v0.1.0 (https://github.com/move-language/move?rev=ae62d5f1955a9b92c3ddd31d3cc4467f9aff76ae#ae62d5f1)
[INFO] [stderr]    Compiling read-write-set v0.1.0 (https://github.com/move-language/move?rev=ae62d5f1955a9b92c3ddd31d3cc4467f9aff76ae#ae62d5f1)
[INFO] [stderr]    Compiling tokio-native-tls v0.3.0
[INFO] [stderr]    Compiling opentelemetry-semantic-conventions v0.9.0
[INFO] [stderr]    Compiling determinator v0.9.0
[INFO] [stderr]    Compiling hyper-rustls v0.23.0
[INFO] [stderr]    Compiling crossbeam v0.8.1
[INFO] [stderr]    Compiling console-api v0.3.0
[INFO] [stderr]    Compiling sha-1 v0.10.0
[INFO] [stderr]    Compiling tonic-build v0.7.2 (https://github.com/hyperium/tonic.git?rev=de2e4ac077c076736dc451f3415ea7da1a61a560#de2e4ac0)
[INFO] [stderr]    Compiling textwrap v0.11.0
[INFO] [stderr]    Compiling num_enum_derive v0.5.7
[INFO] [stderr]    Compiling nibble_vec v0.1.0
[INFO] [stderr]    Compiling gethostname v0.2.3
[INFO] [stderr]    Compiling json v0.12.4
[INFO] [stderr]    Compiling chunked_transfer v1.4.0
[INFO] [stderr]    Compiling strsim v0.8.0
[INFO] [stderr]    Compiling endian-type v0.1.2
[INFO] [stderr]    Compiling vec_map v0.8.2
[INFO] [stderr]    Compiling ascii v1.0.0
[INFO] [stderr]    Compiling dissimilar v1.0.4
[INFO] [stderr]    Compiling tiny_http v0.10.0
[INFO] [stderr]    Compiling colored-diff v0.2.3
[INFO] [stderr]    Compiling clap v2.34.0
[INFO] [stderr]    Compiling tracing-chrome v0.6.0
[INFO] [stderr]    Compiling radix_trie v0.2.1
[INFO] [stderr]    Compiling console-subscriber v0.1.6
[INFO] [stderr]    Compiling tracing-bunyan-formatter v0.3.2
[INFO] [stderr]    Compiling jsonrpsee-http-server v0.13.1
[INFO] [stderr]    Compiling jsonrpsee-http-client v0.13.1
[INFO] [stderr]    Compiling hyper-tls v0.5.0
[INFO] [stderr]    Compiling opentelemetry-jaeger v0.16.0
[INFO] [stderr]    Compiling move-cli v0.1.0 (https://github.com/move-language/move?rev=ae62d5f1955a9b92c3ddd31d3cc4467f9aff76ae#ae62d5f1)
[INFO] [stderr]    Compiling libtest-mimic v0.4.0
[INFO] [stderr]    Compiling fd-lock v3.0.5
[INFO] [stderr]    Compiling jsonrpsee-wasm-client v0.13.1
[INFO] [stderr]    Compiling jsonrpsee-ws-client v0.13.1
[INFO] [stderr]    Compiling tracing-opentelemetry v0.17.2
[INFO] [stderr]    Compiling jsonrpsee-ws-server v0.13.1
[INFO] [stderr]    Compiling tracing-appender v0.2.2
[INFO] [stderr]    Compiling hmac v0.12.1
[INFO] [stderr]    Compiling move-ir-compiler v0.1.0 (https://github.com/move-language/move?rev=ae62d5f1955a9b92c3ddd31d3cc4467f9aff76ae#ae62d5f1)
[INFO] [stderr]    Compiling nix v0.23.1
[INFO] [stderr]    Compiling dyn-clone v1.0.5
[INFO] [stderr]    Compiling ipnet v2.5.0
[INFO] [stderr]    Compiling diff v0.1.12
[INFO] [stderr]    Compiling reqwest v0.11.10
[INFO] [stderr]    Compiling pretty_assertions v1.2.1
[INFO] [stderr]    Compiling move-transactional-test-runner v0.1.0 (https://github.com/move-language/move?rev=ae62d5f1955a9b92c3ddd31d3cc4467f9aff76ae#ae62d5f1)
[INFO] [stderr]    Compiling telemetry-subscribers v0.1.0 (https://github.com/MystenLabs/mysten-infra?rev=ff5c1d69057fe93be658377462ca2875a57a0223#ff5c1d69)
[INFO] [stderr]    Compiling hakari v0.10.1
[INFO] [stderr]    Compiling hkdf v0.12.3
[INFO] [stderr]    Compiling jsonrpsee v0.13.1
[INFO] [stderr]    Compiling prometheus_exporter v0.8.4
[INFO] [stderr]    Compiling rustyline v9.1.2
[INFO] [stderr]    Compiling nexlint v0.1.0 (https://github.com/nextest-rs/nexlint.git?rev=a10989ee09bedfc8690135e118243d19dd004fd0#a10989ee)
[INFO] [stderr]    Compiling datatest-stable v0.1.2
[INFO] [stderr]    Compiling nexlint-lints v0.1.0 (https://github.com/nextest-rs/nexlint.git?rev=a10989ee09bedfc8690135e118243d19dd004fd0#a10989ee)
[INFO] [stderr]    Compiling num_enum v0.5.7
[INFO] [stderr]     Checking heck v0.3.3
[INFO] [stderr]    Compiling dirs v4.0.0
[INFO] [stderr]    Compiling mysten-network v0.1.0 (https://github.com/MystenLabs/mysten-infra?rev=ff5c1d69057fe93be658377462ca2875a57a0223#ff5c1d69)
[INFO] [stderr]    Compiling sha3 v0.10.1
[INFO] [stderr]    Compiling flexstr v0.9.2
[INFO] [stderr]    Compiling serde-name v0.2.1
[INFO] [stderr]    Compiling rustyline-derive v0.6.0
[INFO] [stderr]    Compiling name-variant v1.0.0 (https://github.com/MystenLabs/mysten-infra?rev=ff5c1d69057fe93be658377462ca2875a57a0223#ff5c1d69)
[INFO] [stderr]    Compiling derive-syn-parse v0.1.5
[INFO] [stderr]    Compiling fdlimit v0.2.1
[INFO] [stderr]    Compiling shell-words v1.1.0
[INFO] [stderr]    Compiling temp_testdir v0.2.3
[INFO] [stderr]    Compiling unescape v0.1.0
[INFO] [stderr]    Compiling strum v0.24.0
[INFO] [stderr]    Compiling tap v1.0.1
[INFO] [stderr]     Checking glob v0.3.0
[INFO] [stderr]    Compiling sui-network v0.0.0 (/opt/rustwide/workdir/crates/sui-network)
[INFO] [stderr]    Compiling sui v0.2.0 (/opt/rustwide/workdir/crates/sui)
[INFO] [stderr]     Checking crypto v0.1.0 (https://github.com/MystenLabs/narwhal?rev=2c5e8236c0702a3ff47dd769c2bbc94b029bf4a9#2c5e8236)
[INFO] [stderr]     Checking config v0.1.0 (https://github.com/MystenLabs/narwhal?rev=2c5e8236c0702a3ff47dd769c2bbc94b029bf4a9#2c5e8236)
[INFO] [stderr]     Checking dag v0.1.0 (https://github.com/MystenLabs/narwhal?rev=2c5e8236c0702a3ff47dd769c2bbc94b029bf4a9#2c5e8236)
[INFO] [stderr]     Checking x v0.1.0 (/opt/rustwide/workdir/crates/x)
[INFO] [stderr]    Compiling sqlx-core v0.5.13
[INFO] [stderr]    Compiling sqlx-macros v0.5.13
[INFO] [stderr]    Compiling sqlx v0.5.13
[INFO] [stderr] The following warnings were emitted during compilation:
[INFO] [stderr] 
[INFO] [stderr] warning: c++: fatal error: Killed signal terminated program cc1plus
[INFO] [stderr] warning: compilation terminated.
[INFO] [stderr] warning: c++: fatal error: Killed signal terminated program cc1plus
[INFO] [stderr] warning: compilation terminated.
[INFO] [stderr] 
[INFO] [stderr] error: failed to run custom build command for `librocksdb-sys v0.6.1+6.28.2`
[INFO] [stderr] note: To improve backtraces for build dependencies, set the CARGO_PROFILE_DEV_BUILD_OVERRIDE_DEBUG=true environment variable to enable debug information generation.
[INFO] [stderr] 
[INFO] [stderr] Caused by:
[INFO] [stderr]   process didn't exit successfully: `/opt/rustwide/target/debug/build/librocksdb-sys-6c57bd338a848b0d/build-script-build` (exit status: 1)
[INFO] [stderr]   --- stdout
[INFO] [stderr]   cargo:rerun-if-changed=rocksdb/
[INFO] [stderr]   TARGET = Some("x86_64-unknown-linux-gnu")
[INFO] [stderr]   OPT_LEVEL = Some("0")
[INFO] [stderr]   HOST = Some("x86_64-unknown-linux-gnu")
[INFO] [stderr]   CXX_x86_64-unknown-linux-gnu = None
[INFO] [stderr]   CXX_x86_64_unknown_linux_gnu = None
[INFO] [stderr]   HOST_CXX = None
[INFO] [stderr]   CXX = None
[INFO] [stderr]   CXXFLAGS_x86_64-unknown-linux-gnu = None
[INFO] [stderr]   CXXFLAGS_x86_64_unknown_linux_gnu = None
[INFO] [stderr]   HOST_CXXFLAGS = None
[INFO] [stderr]   CXXFLAGS = None
[INFO] [stderr]   CRATE_CC_NO_DEFAULTS = None
[INFO] [stderr]   DEBUG = Some("true")
[INFO] [stderr]   CARGO_CFG_TARGET_FEATURE = Some("fxsr,sse,sse2")
[INFO] [stderr]   CXX_x86_64-unknown-linux-gnu = None
[INFO] [stderr]   CXX_x86_64_unknown_linux_gnu = None
[INFO] [stderr]   HOST_CXX = None
[INFO] [stderr]   CXX = None
[INFO] [stderr]   CXXFLAGS_x86_64-unknown-linux-gnu = None
[INFO] [stderr]   CXXFLAGS_x86_64_unknown_linux_gnu = None
[INFO] [stderr]   HOST_CXXFLAGS = None
[INFO] [stderr]   CXXFLAGS = None
[INFO] [stderr]   CRATE_CC_NO_DEFAULTS = None
[INFO] [stderr]   CARGO_CFG_TARGET_FEATURE = Some("fxsr,sse,sse2")
[INFO] [stderr]   running: "c++" "-O0" "-ffunction-sections" "-fdata-sections" "-fPIC" "-g" "-fno-omit-frame-pointer" "-m64" "-I" "rocksdb/include/" "-I" "rocksdb/" "-I" "rocksdb/third-party/gtest-1.8.1/fused-src/" "-I" "snappy/" "-I" "lz4/lib/" "-I" "/opt/rustwide/cargo-home/registry/src/index.crates.io-6f17d22bba15001f/zstd-sys-1.6.3+zstd.1.5.2/zstd/lib" "-I" "/opt/rustwide/target/debug/build/libz-sys-7fe7a1cef998fa67/out/include" "-I" "/opt/rustwide/target/debug/build/bzip2-sys-4d45e890c644e956/out/include" "-I" "." "-Wall" "-Wextra" "-std=c++11" "-Wno-unused-parameter" "-msse2" "-DSNAPPY=1" "-DLZ4=1" "-DZSTD=1" "-DZLIB=1" "-DBZIP2=1" "-DNDEBUG=1" "-DOS_LINUX" "-DROCKSDB_PLATFORM_POSIX" "-DROCKSDB_LIB_IO_POSIX" "-DROCKSDB_SUPPORT_THREAD_LOCAL" "-o" "/opt/rustwide/target/debug/build/librocksdb-sys-b76f821f57a466aa/out/rocksdb/cache/cache_entry_roles.o" "-c" "rocksdb/cache/cache_entry_roles.cc"
[INFO] [stderr]   running: "c++" "-O0" "-ffunction-sections" "-fdata-sections" "-fPIC" "-g" "-fno-omit-frame-pointer" "-m64" "-I" "rocksdb/include/" "-I" "rocksdb/" "-I" "rocksdb/third-party/gtest-1.8.1/fused-src/" "-I" "snappy/" "-I" "lz4/lib/" "-I" "/opt/rustwide/cargo-home/registry/src/index.crates.io-6f17d22bba15001f/zstd-sys-1.6.3+zstd.1.5.2/zstd/lib" "-I" "/opt/rustwide/target/debug/build/libz-sys-7fe7a1cef998fa67/out/include" "-I" "/opt/rustwide/target/debug/build/bzip2-sys-4d45e890c644e956/out/include" "-I" "." "-Wall" "-Wextra" "-std=c++11" "-Wno-unused-parameter" "-msse2" "-DSNAPPY=1" "-DLZ4=1" "-DZSTD=1" "-DZLIB=1" "-DBZIP2=1" "-DNDEBUG=1" "-DOS_LINUX" "-DROCKSDB_PLATFORM_POSIX" "-DROCKSDB_LIB_IO_POSIX" "-DROCKSDB_SUPPORT_THREAD_LOCAL" "-o" "/opt/rustwide/target/debug/build/librocksdb-sys-b76f821f57a466aa/out/rocksdb/cache/cache.o" "-c" "rocksdb/cache/cache.cc"
[INFO] [stderr]   running: "c++" "-O0" "-ffunction-sections" "-fdata-sections" "-fPIC" "-g" "-fno-omit-frame-pointer" "-m64" "-I" "rocksdb/include/" "-I" "rocksdb/" "-I" "rocksdb/third-party/gtest-1.8.1/fused-src/" "-I" "snappy/" "-I" "lz4/lib/" "-I" "/opt/rustwide/cargo-home/registry/src/index.crates.io-6f17d22bba15001f/zstd-sys-1.6.3+zstd.1.5.2/zstd/lib" "-I" "/opt/rustwide/target/debug/build/libz-sys-7fe7a1cef998fa67/out/include" "-I" "/opt/rustwide/target/debug/build/bzip2-sys-4d45e890c644e956/out/include" "-I" "." "-Wall" "-Wextra" "-std=c++11" "-Wno-unused-parameter" "-msse2" "-DSNAPPY=1" "-DLZ4=1" "-DZSTD=1" "-DZLIB=1" "-DBZIP2=1" "-DNDEBUG=1" "-DOS_LINUX" "-DROCKSDB_PLATFORM_POSIX" "-DROCKSDB_LIB_IO_POSIX" "-DROCKSDB_SUPPORT_THREAD_LOCAL" "-o" "/opt/rustwide/target/debug/build/librocksdb-sys-b76f821f57a466aa/out/rocksdb/cache/cache_key.o" "-c" "rocksdb/cache/cache_key.cc"
[INFO] [stderr]   running: "c++" "-O0" "-ffunction-sections" "-fdata-sections" "-fPIC" "-g" "-fno-omit-frame-pointer" "-m64" "-I" "rocksdb/include/" "-I" "rocksdb/" "-I" "rocksdb/third-party/gtest-1.8.1/fused-src/" "-I" "snappy/" "-I" "lz4/lib/" "-I" "/opt/rustwide/cargo-home/registry/src/index.crates.io-6f17d22bba15001f/zstd-sys-1.6.3+zstd.1.5.2/zstd/lib" "-I" "/opt/rustwide/target/debug/build/libz-sys-7fe7a1cef998fa67/out/include" "-I" "/opt/rustwide/target/debug/build/bzip2-sys-4d45e890c644e956/out/include" "-I" "." "-Wall" "-Wextra" "-std=c++11" "-Wno-unused-parameter" "-msse2" "-DSNAPPY=1" "-DLZ4=1" "-DZSTD=1" "-DZLIB=1" "-DBZIP2=1" "-DNDEBUG=1" "-DOS_LINUX" "-DROCKSDB_PLATFORM_POSIX" "-DROCKSDB_LIB_IO_POSIX" "-DROCKSDB_SUPPORT_THREAD_LOCAL" "-o" "/opt/rustwide/target/debug/build/librocksdb-sys-b76f821f57a466aa/out/rocksdb/cache/clock_cache.o" "-c" "rocksdb/cache/clock_cache.cc"
[INFO] [stderr]   running: "c++" "-O0" "-ffunction-sections" "-fdata-sections" "-fPIC" "-g" "-fno-omit-frame-pointer" "-m64" "-I" "rocksdb/include/" "-I" "rocksdb/" "-I" "rocksdb/third-party/gtest-1.8.1/fused-src/" "-I" "snappy/" "-I" "lz4/lib/" "-I" "/opt/rustwide/cargo-home/registry/src/index.crates.io-6f17d22bba15001f/zstd-sys-1.6.3+zstd.1.5.2/zstd/lib" "-I" "/opt/rustwide/target/debug/build/libz-sys-7fe7a1cef998fa67/out/include" "-I" "/opt/rustwide/target/debug/build/bzip2-sys-4d45e890c644e956/out/include" "-I" "." "-Wall" "-Wextra" "-std=c++11" "-Wno-unused-parameter" "-msse2" "-DSNAPPY=1" "-DLZ4=1" "-DZSTD=1" "-DZLIB=1" "-DBZIP2=1" "-DNDEBUG=1" "-DOS_LINUX" "-DROCKSDB_PLATFORM_POSIX" "-DROCKSDB_LIB_IO_POSIX" "-DROCKSDB_SUPPORT_THREAD_LOCAL" "-o" "/opt/rustwide/target/debug/build/librocksdb-sys-b76f821f57a466aa/out/rocksdb/cache/lru_cache.o" "-c" "rocksdb/cache/lru_cache.cc"
[INFO] [stderr]   running: "c++" "-O0" "-ffunction-sections" "-fdata-sections" "-fPIC" "-g" "-fno-omit-frame-pointer" "-m64" "-I" "rocksdb/include/" "-I" "rocksdb/" "-I" "rocksdb/third-party/gtest-1.8.1/fused-src/" "-I" "snappy/" "-I" "lz4/lib/" "-I" "/opt/rustwide/cargo-home/registry/src/index.crates.io-6f17d22bba15001f/zstd-sys-1.6.3+zstd.1.5.2/zstd/lib" "-I" "/opt/rustwide/target/debug/build/libz-sys-7fe7a1cef998fa67/out/include" "-I" "/opt/rustwide/target/debug/build/bzip2-sys-4d45e890c644e956/out/include" "-I" "." "-Wall" "-Wextra" "-std=c++11" "-Wno-unused-parameter" "-msse2" "-DSNAPPY=1" "-DLZ4=1" "-DZSTD=1" "-DZLIB=1" "-DBZIP2=1" "-DNDEBUG=1" "-DOS_LINUX" "-DROCKSDB_PLATFORM_POSIX" "-DROCKSDB_LIB_IO_POSIX" "-DROCKSDB_SUPPORT_THREAD_LOCAL" "-o" "/opt/rustwide/target/debug/build/librocksdb-sys-b76f821f57a466aa/out/rocksdb/cache/cache_reservation_manager.o" "-c" "rocksdb/cache/cache_reservation_manager.cc"
[INFO] [stderr]   running: "c++" "-O0" "-ffunction-sections" "-fdata-sections" "-fPIC" "-g" "-fno-omit-frame-pointer" "-m64" "-I" "rocksdb/include/" "-I" "rocksdb/" "-I" "rocksdb/third-party/gtest-1.8.1/fused-src/" "-I" "snappy/" "-I" "lz4/lib/" "-I" "/opt/rustwide/cargo-home/registry/src/index.crates.io-6f17d22bba15001f/zstd-sys-1.6.3+zstd.1.5.2/zstd/lib" "-I" "/opt/rustwide/target/debug/build/libz-sys-7fe7a1cef998fa67/out/include" "-I" "/opt/rustwide/target/debug/build/bzip2-sys-4d45e890c644e956/out/include" "-I" "." "-Wall" "-Wextra" "-std=c++11" "-Wno-unused-parameter" "-msse2" "-DSNAPPY=1" "-DLZ4=1" "-DZSTD=1" "-DZLIB=1" "-DBZIP2=1" "-DNDEBUG=1" "-DOS_LINUX" "-DROCKSDB_PLATFORM_POSIX" "-DROCKSDB_LIB_IO_POSIX" "-DROCKSDB_SUPPORT_THREAD_LOCAL" "-o" "/opt/rustwide/target/debug/build/librocksdb-sys-b76f821f57a466aa/out/rocksdb/cache/sharded_cache.o" "-c" "rocksdb/cache/sharded_cache.cc"
[INFO] [stderr]   exit status: 0
[INFO] [stderr]   running: "c++" "-O0" "-ffunction-sections" "-fdata-sections" "-fPIC" "-g" "-fno-omit-frame-pointer" "-m64" "-I" "rocksdb/include/" "-I" "rocksdb/" "-I" "rocksdb/third-party/gtest-1.8.1/fused-src/" "-I" "snappy/" "-I" "lz4/lib/" "-I" "/opt/rustwide/cargo-home/registry/src/index.crates.io-6f17d22bba15001f/zstd-sys-1.6.3+zstd.1.5.2/zstd/lib" "-I" "/opt/rustwide/target/debug/build/libz-sys-7fe7a1cef998fa67/out/include" "-I" "/opt/rustwide/target/debug/build/bzip2-sys-4d45e890c644e956/out/include" "-I" "." "-Wall" "-Wextra" "-std=c++11" "-Wno-unused-parameter" "-msse2" "-DSNAPPY=1" "-DLZ4=1" "-DZSTD=1" "-DZLIB=1" "-DBZIP2=1" "-DNDEBUG=1" "-DOS_LINUX" "-DROCKSDB_PLATFORM_POSIX" "-DROCKSDB_LIB_IO_POSIX" "-DROCKSDB_SUPPORT_THREAD_LOCAL" "-o" "/opt/rustwide/target/debug/build/librocksdb-sys-b76f821f57a466aa/out/rocksdb/db/arena_wrapped_db_iter.o" "-c" "rocksdb/db/arena_wrapped_db_iter.cc"
[INFO] [stderr]   exit status: 0
[INFO] [stderr]   exit status: 0
[INFO] [stderr]   running: "c++" "-O0" "-ffunction-sections" "-fdata-sections" "-fPIC" "-g" "-fno-omit-frame-pointer" "-m64" "-I" "rocksdb/include/" "-I" "rocksdb/" "-I" "rocksdb/third-party/gtest-1.8.1/fused-src/" "-I" "snappy/" "-I" "lz4/lib/" "-I" "/opt/rustwide/cargo-home/registry/src/index.crates.io-6f17d22bba15001f/zstd-sys-1.6.3+zstd.1.5.2/zstd/lib" "-I" "/opt/rustwide/target/debug/build/libz-sys-7fe7a1cef998fa67/out/include" "-I" "/opt/rustwide/target/debug/build/bzip2-sys-4d45e890c644e956/out/include" "-I" "." "-Wall" "-Wextra" "-std=c++11" "-Wno-unused-parameter" "-msse2" "-DSNAPPY=1" "-DLZ4=1" "-DZSTD=1" "-DZLIB=1" "-DBZIP2=1" "-DNDEBUG=1" "-DOS_LINUX" "-DROCKSDB_PLATFORM_POSIX" "-DROCKSDB_LIB_IO_POSIX" "-DROCKSDB_SUPPORT_THREAD_LOCAL" "-o" "/opt/rustwide/target/debug/build/librocksdb-sys-b76f821f57a466aa/out/rocksdb/db/blob/blob_fetcher.o" "-c" "rocksdb/db/blob/blob_fetcher.cc"
[INFO] [stderr]   exit status: 0
[INFO] [stderr]   running: "c++" "-O0" "-ffunction-sections" "-fdata-sections" "-fPIC" "-g" "-fno-omit-frame-pointer" "-m64" "-I" "rocksdb/include/" "-I" "rocksdb/" "-I" "rocksdb/third-party/gtest-1.8.1/fused-src/" "-I" "snappy/" "-I" "lz4/lib/" "-I" "/opt/rustwide/cargo-home/registry/src/index.crates.io-6f17d22bba15001f/zstd-sys-1.6.3+zstd.1.5.2/zstd/lib" "-I" "/opt/rustwide/target/debug/build/libz-sys-7fe7a1cef998fa67/out/include" "-I" "/opt/rustwide/target/debug/build/bzip2-sys-4d45e890c644e956/out/include" "-I" "." "-Wall" "-Wextra" "-std=c++11" "-Wno-unused-parameter" "-msse2" "-DSNAPPY=1" "-DLZ4=1" "-DZSTD=1" "-DZLIB=1" "-DBZIP2=1" "-DNDEBUG=1" "-DOS_LINUX" "-DROCKSDB_PLATFORM_POSIX" "-DROCKSDB_LIB_IO_POSIX" "-DROCKSDB_SUPPORT_THREAD_LOCAL" "-o" "/opt/rustwide/target/debug/build/librocksdb-sys-b76f821f57a466aa/out/rocksdb/db/blob/blob_file_addition.o" "-c" "rocksdb/db/blob/blob_file_addition.cc"
[INFO] [stderr]   exit status: 0
[INFO] [stderr]   running: "c++" "-O0" "-ffunction-sections" "-fdata-sections" "-fPIC" "-g" "-fno-omit-frame-pointer" "-m64" "-I" "rocksdb/include/" "-I" "rocksdb/" "-I" "rocksdb/third-party/gtest-1.8.1/fused-src/" "-I" "snappy/" "-I" "lz4/lib/" "-I" "/opt/rustwide/cargo-home/registry/src/index.crates.io-6f17d22bba15001f/zstd-sys-1.6.3+zstd.1.5.2/zstd/lib" "-I" "/opt/rustwide/target/debug/build/libz-sys-7fe7a1cef998fa67/out/include" "-I" "/opt/rustwide/target/debug/build/bzip2-sys-4d45e890c644e956/out/include" "-I" "." "-Wall" "-Wextra" "-std=c++11" "-Wno-unused-parameter" "-msse2" "-DSNAPPY=1" "-DLZ4=1" "-DZSTD=1" "-DZLIB=1" "-DBZIP2=1" "-DNDEBUG=1" "-DOS_LINUX" "-DROCKSDB_PLATFORM_POSIX" "-DROCKSDB_LIB_IO_POSIX" "-DROCKSDB_SUPPORT_THREAD_LOCAL" "-o" "/opt/rustwide/target/debug/build/librocksdb-sys-b76f821f57a466aa/out/rocksdb/db/blob/blob_file_builder.o" "-c" "rocksdb/db/blob/blob_file_builder.cc"
[INFO] [stderr]   exit status: 0
[INFO] [stderr]   running: "c++" "-O0" "-ffunction-sections" "-fdata-sections" "-fPIC" "-g" "-fno-omit-frame-pointer" "-m64" "-I" "rocksdb/include/" "-I" "rocksdb/" "-I" "rocksdb/third-party/gtest-1.8.1/fused-src/" "-I" "snappy/" "-I" "lz4/lib/" "-I" "/opt/rustwide/cargo-home/registry/src/index.crates.io-6f17d22bba15001f/zstd-sys-1.6.3+zstd.1.5.2/zstd/lib" "-I" "/opt/rustwide/target/debug/build/libz-sys-7fe7a1cef998fa67/out/include" "-I" "/opt/rustwide/target/debug/build/bzip2-sys-4d45e890c644e956/out/include" "-I" "." "-Wall" "-Wextra" "-std=c++11" "-Wno-unused-parameter" "-msse2" "-DSNAPPY=1" "-DLZ4=1" "-DZSTD=1" "-DZLIB=1" "-DBZIP2=1" "-DNDEBUG=1" "-DOS_LINUX" "-DROCKSDB_PLATFORM_POSIX" "-DROCKSDB_LIB_IO_POSIX" "-DROCKSDB_SUPPORT_THREAD_LOCAL" "-o" "/opt/rustwide/target/debug/build/librocksdb-sys-b76f821f57a466aa/out/rocksdb/db/blob/blob_file_cache.o" "-c" "rocksdb/db/blob/blob_file_cache.cc"
[INFO] [stderr]   exit status: 0
[INFO] [stderr]   running: "c++" "-O0" "-ffunction-sections" "-fdata-sections" "-fPIC" "-g" "-fno-omit-frame-pointer" "-m64" "-I" "rocksdb/include/" "-I" "rocksdb/" "-I" "rocksdb/third-party/gtest-1.8.1/fused-src/" "-I" "snappy/" "-I" "lz4/lib/" "-I" "/opt/rustwide/cargo-home/registry/src/index.crates.io-6f17d22bba15001f/zstd-sys-1.6.3+zstd.1.5.2/zstd/lib" "-I" "/opt/rustwide/target/debug/build/libz-sys-7fe7a1cef998fa67/out/include" "-I" "/opt/rustwide/target/debug/build/bzip2-sys-4d45e890c644e956/out/include" "-I" "." "-Wall" "-Wextra" "-std=c++11" "-Wno-unused-parameter" "-msse2" "-DSNAPPY=1" "-DLZ4=1" "-DZSTD=1" "-DZLIB=1" "-DBZIP2=1" "-DNDEBUG=1" "-DOS_LINUX" "-DROCKSDB_PLATFORM_POSIX" "-DROCKSDB_LIB_IO_POSIX" "-DROCKSDB_SUPPORT_THREAD_LOCAL" "-o" "/opt/rustwide/target/debug/build/librocksdb-sys-b76f821f57a466aa/out/rocksdb/db/blob/blob_file_garbage.o" "-c" "rocksdb/db/blob/blob_file_garbage.cc"
[INFO] [stderr]   exit status: 0
[INFO] [stderr]   cargo:warning=c++: fatal error: Killed signal terminated program cc1plus
[INFO] [stderr]   cargo:warning=compilation terminated.
[INFO] [stderr]   exit status: 1
[INFO] [stderr]   running: "c++" "-O0" "-ffunction-sections" "-fdata-sections" "-fPIC" "-g" "-fno-omit-frame-pointer" "-m64" "-I" "rocksdb/include/" "-I" "rocksdb/" "-I" "rocksdb/third-party/gtest-1.8.1/fused-src/" "-I" "snappy/" "-I" "lz4/lib/" "-I" "/opt/rustwide/cargo-home/registry/src/index.crates.io-6f17d22bba15001f/zstd-sys-1.6.3+zstd.1.5.2/zstd/lib" "-I" "/opt/rustwide/target/debug/build/libz-sys-7fe7a1cef998fa67/out/include" "-I" "/opt/rustwide/target/debug/build/bzip2-sys-4d45e890c644e956/out/include" "-I" "." "-Wall" "-Wextra" "-std=c++11" "-Wno-unused-parameter" "-msse2" "-DSNAPPY=1" "-DLZ4=1" "-DZSTD=1" "-DZLIB=1" "-DBZIP2=1" "-DNDEBUG=1" "-DOS_LINUX" "-DROCKSDB_PLATFORM_POSIX" "-DROCKSDB_LIB_IO_POSIX" "-DROCKSDB_SUPPORT_THREAD_LOCAL" "-o" "/opt/rustwide/target/debug/build/librocksdb-sys-b76f821f57a466aa/out/rocksdb/db/blob/blob_file_meta.o" "-c" "rocksdb/db/blob/blob_file_meta.cc"
[INFO] [stderr]   exit status: 0
[INFO] [stderr]   exit status: 0
[INFO] [stderr]   exit status: 0
[INFO] [stderr]   exit status: 0
[INFO] [stderr]   cargo:warning=c++: fatal error: Killed signal terminated program cc1plus
[INFO] [stderr]   cargo:warning=compilation terminated.
[INFO] [stderr]   exit status: 1
[INFO] [stderr] 
[INFO] [stderr]   --- stderr
[INFO] [stderr]   error: 'rustfmt' is not installed for the toolchain 'e6e4f7ed1589e03bc2f6c5931c1a72e7947e8682'
[INFO] [stderr]   note: this is a custom toolchain, which cannot use `rustup component add`
[INFO] [stderr]   help: if you built this toolchain from source, and used `rustup toolchain link`, then you may be able to build the component with `x.py`
[INFO] [stderr]   Failed to run rustfmt: Internal rustfmt error (non-fatal, continuing)
[INFO] [stderr] 
[INFO] [stderr] 
[INFO] [stderr]   error occurred: Command "c++" "-O0" "-ffunction-sections" "-fdata-sections" "-fPIC" "-g" "-fno-omit-frame-pointer" "-m64" "-I" "rocksdb/include/" "-I" "rocksdb/" "-I" "rocksdb/third-party/gtest-1.8.1/fused-src/" "-I" "snappy/" "-I" "lz4/lib/" "-I" "/opt/rustwide/cargo-home/registry/src/index.crates.io-6f17d22bba15001f/zstd-sys-1.6.3+zstd.1.5.2/zstd/lib" "-I" "/opt/rustwide/target/debug/build/libz-sys-7fe7a1cef998fa67/out/include" "-I" "/opt/rustwide/target/debug/build/bzip2-sys-4d45e890c644e956/out/include" "-I" "." "-Wall" "-Wextra" "-std=c++11" "-Wno-unused-parameter" "-msse2" "-DSNAPPY=1" "-DLZ4=1" "-DZSTD=1" "-DZLIB=1" "-DBZIP2=1" "-DNDEBUG=1" "-DOS_LINUX" "-DROCKSDB_PLATFORM_POSIX" "-DROCKSDB_LIB_IO_POSIX" "-DROCKSDB_SUPPORT_THREAD_LOCAL" "-o" "/opt/rustwide/target/debug/build/librocksdb-sys-b76f821f57a466aa/out/rocksdb/db/arena_wrapped_db_iter.o" "-c" "rocksdb/db/arena_wrapped_db_iter.cc" with args "c++" did not execute successfully (status code exit status: 1).
[INFO] [stderr] 
[INFO] [stderr] 
[INFO] [stderr] warning: build failed, waiting for other jobs to finish...
[INFO] [stderr] The following warnings were emitted during compilation:
[INFO] [stderr] 
[INFO] [stderr] warning: c++: fatal error: Killed signal terminated program cc1plus
[INFO] [stderr] warning: compilation terminated.
[INFO] [stderr] 
[INFO] [stderr] error: failed to run custom build command for `librocksdb-sys v0.6.1+6.28.2`
[INFO] [stderr] note: To improve backtraces for build dependencies, set the CARGO_PROFILE_DEV_BUILD_OVERRIDE_DEBUG=true environment variable to enable debug information generation.
[INFO] [stderr] 
[INFO] [stderr] Caused by:
[INFO] [stderr]   process didn't exit successfully: `/opt/rustwide/target/debug/build/librocksdb-sys-6c57bd338a848b0d/build-script-build` (exit status: 1)
[INFO] [stderr]   --- stdout
[INFO] [stderr]   cargo:rerun-if-changed=rocksdb/
[INFO] [stderr]   TARGET = Some("x86_64-unknown-linux-gnu")
[INFO] [stderr]   OPT_LEVEL = Some("0")
[INFO] [stderr]   HOST = Some("x86_64-unknown-linux-gnu")
[INFO] [stderr]   CXX_x86_64-unknown-linux-gnu = None
[INFO] [stderr]   CXX_x86_64_unknown_linux_gnu = None
[INFO] [stderr]   HOST_CXX = None
[INFO] [stderr]   CXX = None
[INFO] [stderr]   CXXFLAGS_x86_64-unknown-linux-gnu = None
[INFO] [stderr]   CXXFLAGS_x86_64_unknown_linux_gnu = None
[INFO] [stderr]   HOST_CXXFLAGS = None
[INFO] [stderr]   CXXFLAGS = None
[INFO] [stderr]   CRATE_CC_NO_DEFAULTS = None
[INFO] [stderr]   DEBUG = Some("true")
[INFO] [stderr]   CARGO_CFG_TARGET_FEATURE = Some("fxsr,sse,sse2")
[INFO] [stderr]   CXX_x86_64-unknown-linux-gnu = None
[INFO] [stderr]   CXX_x86_64_unknown_linux_gnu = None
[INFO] [stderr]   HOST_CXX = None
[INFO] [stderr]   CXX = None
[INFO] [stderr]   CXXFLAGS_x86_64-unknown-linux-gnu = None
[INFO] [stderr]   CXXFLAGS_x86_64_unknown_linux_gnu = None
[INFO] [stderr]   HOST_CXXFLAGS = None
[INFO] [stderr]   CXXFLAGS = None
[INFO] [stderr]   CRATE_CC_NO_DEFAULTS = None
[INFO] [stderr]   CARGO_CFG_TARGET_FEATURE = Some("fxsr,sse,sse2")
[INFO] [stderr]   running: "c++" "-O0" "-ffunction-sections" "-fdata-sections" "-fPIC" "-g" "-fno-omit-frame-pointer" "-m64" "-I" "rocksdb/include/" "-I" "rocksdb/" "-I" "rocksdb/third-party/gtest-1.8.1/fused-src/" "-I" "snappy/" "-I" "lz4/lib/" "-I" "/opt/rustwide/cargo-home/registry/src/index.crates.io-6f17d22bba15001f/zstd-sys-1.6.3+zstd.1.5.2/zstd/lib" "-I" "/opt/rustwide/target/debug/build/libz-sys-7fe7a1cef998fa67/out/include" "-I" "/opt/rustwide/target/debug/build/bzip2-sys-4d45e890c644e956/out/include" "-I" "." "-Wall" "-Wextra" "-std=c++11" "-Wno-unused-parameter" "-msse2" "-DSNAPPY=1" "-DLZ4=1" "-DZSTD=1" "-DZLIB=1" "-DBZIP2=1" "-DNDEBUG=1" "-DOS_LINUX" "-DROCKSDB_PLATFORM_POSIX" "-DROCKSDB_LIB_IO_POSIX" "-DROCKSDB_SUPPORT_THREAD_LOCAL" "-o" "/opt/rustwide/target/debug/build/librocksdb-sys-470f96bc76c2aaa0/out/rocksdb/cache/cache.o" "-c" "rocksdb/cache/cache.cc"
[INFO] [stderr]   running: "c++" "-O0" "-ffunction-sections" "-fdata-sections" "-fPIC" "-g" "-fno-omit-frame-pointer" "-m64" "-I" "rocksdb/include/" "-I" "rocksdb/" "-I" "rocksdb/third-party/gtest-1.8.1/fused-src/" "-I" "snappy/" "-I" "lz4/lib/" "-I" "/opt/rustwide/cargo-home/registry/src/index.crates.io-6f17d22bba15001f/zstd-sys-1.6.3+zstd.1.5.2/zstd/lib" "-I" "/opt/rustwide/target/debug/build/libz-sys-7fe7a1cef998fa67/out/include" "-I" "/opt/rustwide/target/debug/build/bzip2-sys-4d45e890c644e956/out/include" "-I" "." "-Wall" "-Wextra" "-std=c++11" "-Wno-unused-parameter" "-msse2" "-DSNAPPY=1" "-DLZ4=1" "-DZSTD=1" "-DZLIB=1" "-DBZIP2=1" "-DNDEBUG=1" "-DOS_LINUX" "-DROCKSDB_PLATFORM_POSIX" "-DROCKSDB_LIB_IO_POSIX" "-DROCKSDB_SUPPORT_THREAD_LOCAL" "-o" "/opt/rustwide/target/debug/build/librocksdb-sys-470f96bc76c2aaa0/out/rocksdb/cache/cache_entry_roles.o" "-c" "rocksdb/cache/cache_entry_roles.cc"
[INFO] [stderr]   running: "c++" "-O0" "-ffunction-sections" "-fdata-sections" "-fPIC" "-g" "-fno-omit-frame-pointer" "-m64" "-I" "rocksdb/include/" "-I" "rocksdb/" "-I" "rocksdb/third-party/gtest-1.8.1/fused-src/" "-I" "snappy/" "-I" "lz4/lib/" "-I" "/opt/rustwide/cargo-home/registry/src/index.crates.io-6f17d22bba15001f/zstd-sys-1.6.3+zstd.1.5.2/zstd/lib" "-I" "/opt/rustwide/target/debug/build/libz-sys-7fe7a1cef998fa67/out/include" "-I" "/opt/rustwide/target/debug/build/bzip2-sys-4d45e890c644e956/out/include" "-I" "." "-Wall" "-Wextra" "-std=c++11" "-Wno-unused-parameter" "-msse2" "-DSNAPPY=1" "-DLZ4=1" "-DZSTD=1" "-DZLIB=1" "-DBZIP2=1" "-DNDEBUG=1" "-DOS_LINUX" "-DROCKSDB_PLATFORM_POSIX" "-DROCKSDB_LIB_IO_POSIX" "-DROCKSDB_SUPPORT_THREAD_LOCAL" "-o" "/opt/rustwide/target/debug/build/librocksdb-sys-470f96bc76c2aaa0/out/rocksdb/cache/cache_key.o" "-c" "rocksdb/cache/cache_key.cc"
[INFO] [stderr]   exit status: 0
[INFO] [stderr]   exit status: 0
[INFO] [stderr]   running: "c++" "-O0" "-ffunction-sections" "-fdata-sections" "-fPIC" "-g" "-fno-omit-frame-pointer" "-m64" "-I" "rocksdb/include/" "-I" "rocksdb/" "-I" "rocksdb/third-party/gtest-1.8.1/fused-src/" "-I" "snappy/" "-I" "lz4/lib/" "-I" "/opt/rustwide/cargo-home/registry/src/index.crates.io-6f17d22bba15001f/zstd-sys-1.6.3+zstd.1.5.2/zstd/lib" "-I" "/opt/rustwide/target/debug/build/libz-sys-7fe7a1cef998fa67/out/include" "-I" "/opt/rustwide/target/debug/build/bzip2-sys-4d45e890c644e956/out/include" "-I" "." "-Wall" "-Wextra" "-std=c++11" "-Wno-unused-parameter" "-msse2" "-DSNAPPY=1" "-DLZ4=1" "-DZSTD=1" "-DZLIB=1" "-DBZIP2=1" "-DNDEBUG=1" "-DOS_LINUX" "-DROCKSDB_PLATFORM_POSIX" "-DROCKSDB_LIB_IO_POSIX" "-DROCKSDB_SUPPORT_THREAD_LOCAL" "-o" "/opt/rustwide/target/debug/build/librocksdb-sys-470f96bc76c2aaa0/out/rocksdb/cache/cache_reservation_manager.o" "-c" "rocksdb/cache/cache_reservation_manager.cc"
[INFO] [stderr]   running: "c++" "-O0" "-ffunction-sections" "-fdata-sections" "-fPIC" "-g" "-fno-omit-frame-pointer" "-m64" "-I" "rocksdb/include/" "-I" "rocksdb/" "-I" "rocksdb/third-party/gtest-1.8.1/fused-src/" "-I" "snappy/" "-I" "lz4/lib/" "-I" "/opt/rustwide/cargo-home/registry/src/index.crates.io-6f17d22bba15001f/zstd-sys-1.6.3+zstd.1.5.2/zstd/lib" "-I" "/opt/rustwide/target/debug/build/libz-sys-7fe7a1cef998fa67/out/include" "-I" "/opt/rustwide/target/debug/build/bzip2-sys-4d45e890c644e956/out/include" "-I" "." "-Wall" "-Wextra" "-std=c++11" "-Wno-unused-parameter" "-msse2" "-DSNAPPY=1" "-DLZ4=1" "-DZSTD=1" "-DZLIB=1" "-DBZIP2=1" "-DNDEBUG=1" "-DOS_LINUX" "-DROCKSDB_PLATFORM_POSIX" "-DROCKSDB_LIB_IO_POSIX" "-DROCKSDB_SUPPORT_THREAD_LOCAL" "-o" "/opt/rustwide/target/debug/build/librocksdb-sys-470f96bc76c2aaa0/out/rocksdb/cache/clock_cache.o" "-c" "rocksdb/cache/clock_cache.cc"
[INFO] [stderr]   exit status: 0
[INFO] [stderr]   exit status: 0
[INFO] [stderr]   running: "c++" "-O0" "-ffunction-sections" "-fdata-sections" "-fPIC" "-g" "-fno-omit-frame-pointer" "-m64" "-I" "rocksdb/include/" "-I" "rocksdb/" "-I" "rocksdb/third-party/gtest-1.8.1/fused-src/" "-I" "snappy/" "-I" "lz4/lib/" "-I" "/opt/rustwide/cargo-home/registry/src/index.crates.io-6f17d22bba15001f/zstd-sys-1.6.3+zstd.1.5.2/zstd/lib" "-I" "/opt/rustwide/target/debug/build/libz-sys-7fe7a1cef998fa67/out/include" "-I" "/opt/rustwide/target/debug/build/bzip2-sys-4d45e890c644e956/out/include" "-I" "." "-Wall" "-Wextra" "-std=c++11" "-Wno-unused-parameter" "-msse2" "-DSNAPPY=1" "-DLZ4=1" "-DZSTD=1" "-DZLIB=1" "-DBZIP2=1" "-DNDEBUG=1" "-DOS_LINUX" "-DROCKSDB_PLATFORM_POSIX" "-DROCKSDB_LIB_IO_POSIX" "-DROCKSDB_SUPPORT_THREAD_LOCAL" "-o" "/opt/rustwide/target/debug/build/librocksdb-sys-470f96bc76c2aaa0/out/rocksdb/cache/lru_cache.o" "-c" "rocksdb/cache/lru_cache.cc"
[INFO] [stderr]   running: "c++" "-O0" "-ffunction-sections" "-fdata-sections" "-fPIC" "-g" "-fno-omit-frame-pointer" "-m64" "-I" "rocksdb/include/" "-I" "rocksdb/" "-I" "rocksdb/third-party/gtest-1.8.1/fused-src/" "-I" "snappy/" "-I" "lz4/lib/" "-I" "/opt/rustwide/cargo-home/registry/src/index.crates.io-6f17d22bba15001f/zstd-sys-1.6.3+zstd.1.5.2/zstd/lib" "-I" "/opt/rustwide/target/debug/build/libz-sys-7fe7a1cef998fa67/out/include" "-I" "/opt/rustwide/target/debug/build/bzip2-sys-4d45e890c644e956/out/include" "-I" "." "-Wall" "-Wextra" "-std=c++11" "-Wno-unused-parameter" "-msse2" "-DSNAPPY=1" "-DLZ4=1" "-DZSTD=1" "-DZLIB=1" "-DBZIP2=1" "-DNDEBUG=1" "-DOS_LINUX" "-DROCKSDB_PLATFORM_POSIX" "-DROCKSDB_LIB_IO_POSIX" "-DROCKSDB_SUPPORT_THREAD_LOCAL" "-o" "/opt/rustwide/target/debug/build/librocksdb-sys-470f96bc76c2aaa0/out/rocksdb/cache/sharded_cache.o" "-c" "rocksdb/cache/sharded_cache.cc"
[INFO] [stderr]   running: "c++" "-O0" "-ffunction-sections" "-fdata-sections" "-fPIC" "-g" "-fno-omit-frame-pointer" "-m64" "-I" "rocksdb/include/" "-I" "rocksdb/" "-I" "rocksdb/third-party/gtest-1.8.1/fused-src/" "-I" "snappy/" "-I" "lz4/lib/" "-I" "/opt/rustwide/cargo-home/registry/src/index.crates.io-6f17d22bba15001f/zstd-sys-1.6.3+zstd.1.5.2/zstd/lib" "-I" "/opt/rustwide/target/debug/build/libz-sys-7fe7a1cef998fa67/out/include" "-I" "/opt/rustwide/target/debug/build/bzip2-sys-4d45e890c644e956/out/include" "-I" "." "-Wall" "-Wextra" "-std=c++11" "-Wno-unused-parameter" "-msse2" "-DSNAPPY=1" "-DLZ4=1" "-DZSTD=1" "-DZLIB=1" "-DBZIP2=1" "-DNDEBUG=1" "-DOS_LINUX" "-DROCKSDB_PLATFORM_POSIX" "-DROCKSDB_LIB_IO_POSIX" "-DROCKSDB_SUPPORT_THREAD_LOCAL" "-o" "/opt/rustwide/target/debug/build/librocksdb-sys-470f96bc76c2aaa0/out/rocksdb/db/blob/blob_fetcher.o" "-c" "rocksdb/db/blob/blob_fetcher.cc"
[INFO] [stderr]   running: "c++" "-O0" "-ffunction-sections" "-fdata-sections" "-fPIC" "-g" "-fno-omit-frame-pointer" "-m64" "-I" "rocksdb/include/" "-I" "rocksdb/" "-I" "rocksdb/third-party/gtest-1.8.1/fused-src/" "-I" "snappy/" "-I" "lz4/lib/" "-I" "/opt/rustwide/cargo-home/registry/src/index.crates.io-6f17d22bba15001f/zstd-sys-1.6.3+zstd.1.5.2/zstd/lib" "-I" "/opt/rustwide/target/debug/build/libz-sys-7fe7a1cef998fa67/out/include" "-I" "/opt/rustwide/target/debug/build/bzip2-sys-4d45e890c644e956/out/include" "-I" "." "-Wall" "-Wextra" "-std=c++11" "-Wno-unused-parameter" "-msse2" "-DSNAPPY=1" "-DLZ4=1" "-DZSTD=1" "-DZLIB=1" "-DBZIP2=1" "-DNDEBUG=1" "-DOS_LINUX" "-DROCKSDB_PLATFORM_POSIX" "-DROCKSDB_LIB_IO_POSIX" "-DROCKSDB_SUPPORT_THREAD_LOCAL" "-o" "/opt/rustwide/target/debug/build/librocksdb-sys-470f96bc76c2aaa0/out/rocksdb/db/arena_wrapped_db_iter.o" "-c" "rocksdb/db/arena_wrapped_db_iter.cc"
[INFO] [stderr]   exit status: 0
[INFO] [stderr]   running: "c++" "-O0" "-ffunction-sections" "-fdata-sections" "-fPIC" "-g" "-fno-omit-frame-pointer" "-m64" "-I" "rocksdb/include/" "-I" "rocksdb/" "-I" "rocksdb/third-party/gtest-1.8.1/fused-src/" "-I" "snappy/" "-I" "lz4/lib/" "-I" "/opt/rustwide/cargo-home/registry/src/index.crates.io-6f17d22bba15001f/zstd-sys-1.6.3+zstd.1.5.2/zstd/lib" "-I" "/opt/rustwide/target/debug/build/libz-sys-7fe7a1cef998fa67/out/include" "-I" "/opt/rustwide/target/debug/build/bzip2-sys-4d45e890c644e956/out/include" "-I" "." "-Wall" "-Wextra" "-std=c++11" "-Wno-unused-parameter" "-msse2" "-DSNAPPY=1" "-DLZ4=1" "-DZSTD=1" "-DZLIB=1" "-DBZIP2=1" "-DNDEBUG=1" "-DOS_LINUX" "-DROCKSDB_PLATFORM_POSIX" "-DROCKSDB_LIB_IO_POSIX" "-DROCKSDB_SUPPORT_THREAD_LOCAL" "-o" "/opt/rustwide/target/debug/build/librocksdb-sys-470f96bc76c2aaa0/out/rocksdb/db/blob/blob_file_addition.o" "-c" "rocksdb/db/blob/blob_file_addition.cc"
[INFO] [stderr]   exit status: 0
[INFO] [stderr]   running: "c++" "-O0" "-ffunction-sections" "-fdata-sections" "-fPIC" "-g" "-fno-omit-frame-pointer" "-m64" "-I" "rocksdb/include/" "-I" "rocksdb/" "-I" "rocksdb/third-party/gtest-1.8.1/fused-src/" "-I" "snappy/" "-I" "lz4/lib/" "-I" "/opt/rustwide/cargo-home/registry/src/index.crates.io-6f17d22bba15001f/zstd-sys-1.6.3+zstd.1.5.2/zstd/lib" "-I" "/opt/rustwide/target/debug/build/libz-sys-7fe7a1cef998fa67/out/include" "-I" "/opt/rustwide/target/debug/build/bzip2-sys-4d45e890c644e956/out/include" "-I" "." "-Wall" "-Wextra" "-std=c++11" "-Wno-unused-parameter" "-msse2" "-DSNAPPY=1" "-DLZ4=1" "-DZSTD=1" "-DZLIB=1" "-DBZIP2=1" "-DNDEBUG=1" "-DOS_LINUX" "-DROCKSDB_PLATFORM_POSIX" "-DROCKSDB_LIB_IO_POSIX" "-DROCKSDB_SUPPORT_THREAD_LOCAL" "-o" "/opt/rustwide/target/debug/build/librocksdb-sys-470f96bc76c2aaa0/out/rocksdb/db/blob/blob_file_builder.o" "-c" "rocksdb/db/blob/blob_file_builder.cc"
[INFO] [stderr]   exit status: 0
[INFO] [stderr]   running: "c++" "-O0" "-ffunction-sections" "-fdata-sections" "-fPIC" "-g" "-fno-omit-frame-pointer" "-m64" "-I" "rocksdb/include/" "-I" "rocksdb/" "-I" "rocksdb/third-party/gtest-1.8.1/fused-src/" "-I" "snappy/" "-I" "lz4/lib/" "-I" "/opt/rustwide/cargo-home/registry/src/index.crates.io-6f17d22bba15001f/zstd-sys-1.6.3+zstd.1.5.2/zstd/lib" "-I" "/opt/rustwide/target/debug/build/libz-sys-7fe7a1cef998fa67/out/include" "-I" "/opt/rustwide/target/debug/build/bzip2-sys-4d45e890c644e956/out/include" "-I" "." "-Wall" "-Wextra" "-std=c++11" "-Wno-unused-parameter" "-msse2" "-DSNAPPY=1" "-DLZ4=1" "-DZSTD=1" "-DZLIB=1" "-DBZIP2=1" "-DNDEBUG=1" "-DOS_LINUX" "-DROCKSDB_PLATFORM_POSIX" "-DROCKSDB_LIB_IO_POSIX" "-DROCKSDB_SUPPORT_THREAD_LOCAL" "-o" "/opt/rustwide/target/debug/build/librocksdb-sys-470f96bc76c2aaa0/out/rocksdb/db/blob/blob_file_cache.o" "-c" "rocksdb/db/blob/blob_file_cache.cc"
[INFO] [stderr]   running: "c++" "-O0" "-ffunction-sections" "-fdata-sections" "-fPIC" "-g" "-fno-omit-frame-pointer" "-m64" "-I" "rocksdb/include/" "-I" "rocksdb/" "-I" "rocksdb/third-party/gtest-1.8.1/fused-src/" "-I" "snappy/" "-I" "lz4/lib/" "-I" "/opt/rustwide/cargo-home/registry/src/index.crates.io-6f17d22bba15001f/zstd-sys-1.6.3+zstd.1.5.2/zstd/lib" "-I" "/opt/rustwide/target/debug/build/libz-sys-7fe7a1cef998fa67/out/include" "-I" "/opt/rustwide/target/debug/build/bzip2-sys-4d45e890c644e956/out/include" "-I" "." "-Wall" "-Wextra" "-std=c++11" "-Wno-unused-parameter" "-msse2" "-DSNAPPY=1" "-DLZ4=1" "-DZSTD=1" "-DZLIB=1" "-DBZIP2=1" "-DNDEBUG=1" "-DOS_LINUX" "-DROCKSDB_PLATFORM_POSIX" "-DROCKSDB_LIB_IO_POSIX" "-DROCKSDB_SUPPORT_THREAD_LOCAL" "-o" "/opt/rustwide/target/debug/build/librocksdb-sys-470f96bc76c2aaa0/out/rocksdb/db/blob/blob_file_garbage.o" "-c" "rocksdb/db/blob/blob_file_garbage.cc"
[INFO] [stderr]   running: "c++" "-O0" "-ffunction-sections" "-fdata-sections" "-fPIC" "-g" "-fno-omit-frame-pointer" "-m64" "-I" "rocksdb/include/" "-I" "rocksdb/" "-I" "rocksdb/third-party/gtest-1.8.1/fused-src/" "-I" "snappy/" "-I" "lz4/lib/" "-I" "/opt/rustwide/cargo-home/registry/src/index.crates.io-6f17d22bba15001f/zstd-sys-1.6.3+zstd.1.5.2/zstd/lib" "-I" "/opt/rustwide/target/debug/build/libz-sys-7fe7a1cef998fa67/out/include" "-I" "/opt/rustwide/target/debug/build/bzip2-sys-4d45e890c644e956/out/include" "-I" "." "-Wall" "-Wextra" "-std=c++11" "-Wno-unused-parameter" "-msse2" "-DSNAPPY=1" "-DLZ4=1" "-DZSTD=1" "-DZLIB=1" "-DBZIP2=1" "-DNDEBUG=1" "-DOS_LINUX" "-DROCKSDB_PLATFORM_POSIX" "-DROCKSDB_LIB_IO_POSIX" "-DROCKSDB_SUPPORT_THREAD_LOCAL" "-o" "/opt/rustwide/target/debug/build/librocksdb-sys-470f96bc76c2aaa0/out/rocksdb/db/blob/blob_file_meta.o" "-c" "rocksdb/db/blob/blob_file_meta.cc"
[INFO] [stderr]   exit status: 0
[INFO] [stderr]   running: "c++" "-O0" "-ffunction-sections" "-fdata-sections" "-fPIC" "-g" "-fno-omit-frame-pointer" "-m64" "-I" "rocksdb/include/" "-I" "rocksdb/" "-I" "rocksdb/third-party/gtest-1.8.1/fused-src/" "-I" "snappy/" "-I" "lz4/lib/" "-I" "/opt/rustwide/cargo-home/registry/src/index.crates.io-6f17d22bba15001f/zstd-sys-1.6.3+zstd.1.5.2/zstd/lib" "-I" "/opt/rustwide/target/debug/build/libz-sys-7fe7a1cef998fa67/out/include" "-I" "/opt/rustwide/target/debug/build/bzip2-sys-4d45e890c644e956/out/include" "-I" "." "-Wall" "-Wextra" "-std=c++11" "-Wno-unused-parameter" "-msse2" "-DSNAPPY=1" "-DLZ4=1" "-DZSTD=1" "-DZLIB=1" "-DBZIP2=1" "-DNDEBUG=1" "-DOS_LINUX" "-DROCKSDB_PLATFORM_POSIX" "-DROCKSDB_LIB_IO_POSIX" "-DROCKSDB_SUPPORT_THREAD_LOCAL" "-o" "/opt/rustwide/target/debug/build/librocksdb-sys-470f96bc76c2aaa0/out/rocksdb/db/blob/blob_file_reader.o" "-c" "rocksdb/db/blob/blob_file_reader.cc"
[INFO] [stderr]   running: "c++" "-O0" "-ffunction-sections" "-fdata-sections" "-fPIC" "-g" "-fno-omit-frame-pointer" "-m64" "-I" "rocksdb/include/" "-I" "rocksdb/" "-I" "rocksdb/third-party/gtest-1.8.1/fused-src/" "-I" "snappy/" "-I" "lz4/lib/" "-I" "/opt/rustwide/cargo-home/registry/src/index.crates.io-6f17d22bba15001f/zstd-sys-1.6.3+zstd.1.5.2/zstd/lib" "-I" "/opt/rustwide/target/debug/build/libz-sys-7fe7a1cef998fa67/out/include" "-I" "/opt/rustwide/target/debug/build/bzip2-sys-4d45e890c644e956/out/include" "-I" "." "-Wall" "-Wextra" "-std=c++11" "-Wno-unused-parameter" "-msse2" "-DSNAPPY=1" "-DLZ4=1" "-DZSTD=1" "-DZLIB=1" "-DBZIP2=1" "-DNDEBUG=1" "-DOS_LINUX" "-DROCKSDB_PLATFORM_POSIX" "-DROCKSDB_LIB_IO_POSIX" "-DROCKSDB_SUPPORT_THREAD_LOCAL" "-o" "/opt/rustwide/target/debug/build/librocksdb-sys-470f96bc76c2aaa0/out/rocksdb/db/blob/blob_garbage_meter.o" "-c" "rocksdb/db/blob/blob_garbage_meter.cc"
[INFO] [stderr]   running: "c++" "-O0" "-ffunction-sections" "-fdata-sections" "-fPIC" "-g" "-fno-omit-frame-pointer" "-m64" "-I" "rocksdb/include/" "-I" "rocksdb/" "-I" "rocksdb/third-party/gtest-1.8.1/fused-src/" "-I" "snappy/" "-I" "lz4/lib/" "-I" "/opt/rustwide/cargo-home/registry/src/index.crates.io-6f17d22bba15001f/zstd-sys-1.6.3+zstd.1.5.2/zstd/lib" "-I" "/opt/rustwide/target/debug/build/libz-sys-7fe7a1cef998fa67/out/include" "-I" "/opt/rustwide/target/debug/build/bzip2-sys-4d45e890c644e956/out/include" "-I" "." "-Wall" "-Wextra" "-std=c++11" "-Wno-unused-parameter" "-msse2" "-DSNAPPY=1" "-DLZ4=1" "-DZSTD=1" "-DZLIB=1" "-DBZIP2=1" "-DNDEBUG=1" "-DOS_LINUX" "-DROCKSDB_PLATFORM_POSIX" "-DROCKSDB_LIB_IO_POSIX" "-DROCKSDB_SUPPORT_THREAD_LOCAL" "-o" "/opt/rustwide/target/debug/build/librocksdb-sys-470f96bc76c2aaa0/out/rocksdb/db/blob/blob_log_format.o" "-c" "rocksdb/db/blob/blob_log_format.cc"
[INFO] [stderr]   cargo:warning=c++: fatal error: Killed signal terminated program cc1plus
[INFO] [stderr]   cargo:warning=compilation terminated.
[INFO] [stderr]   exit status: 1
[INFO] [stderr]   running: "c++" "-O0" "-ffunction-sections" "-fdata-sections" "-fPIC" "-g" "-fno-omit-frame-pointer" "-m64" "-I" "rocksdb/include/" "-I" "rocksdb/" "-I" "rocksdb/third-party/gtest-1.8.1/fused-src/" "-I" "snappy/" "-I" "lz4/lib/" "-I" "/opt/rustwide/cargo-home/registry/src/index.crates.io-6f17d22bba15001f/zstd-sys-1.6.3+zstd.1.5.2/zstd/lib" "-I" "/opt/rustwide/target/debug/build/libz-sys-7fe7a1cef998fa67/out/include" "-I" "/opt/rustwide/target/debug/build/bzip2-sys-4d45e890c644e956/out/include" "-I" "." "-Wall" "-Wextra" "-std=c++11" "-Wno-unused-parameter" "-msse2" "-DSNAPPY=1" "-DLZ4=1" "-DZSTD=1" "-DZLIB=1" "-DBZIP2=1" "-DNDEBUG=1" "-DOS_LINUX" "-DROCKSDB_PLATFORM_POSIX" "-DROCKSDB_LIB_IO_POSIX" "-DROCKSDB_SUPPORT_THREAD_LOCAL" "-o" "/opt/rustwide/target/debug/build/librocksdb-sys-470f96bc76c2aaa0/out/rocksdb/db/blob/blob_log_sequential_reader.o" "-c" "rocksdb/db/blob/blob_log_sequential_reader.cc"
[INFO] [stderr]   exit status: 0
[INFO] [stderr]   exit status: 0
[INFO] [stderr]   exit status: 0
[INFO] [stderr]   exit status: 0
[INFO] [stderr]   exit status: 0
[INFO] [stderr]   exit status: 0
[INFO] [stderr]   exit status: 0
[INFO] [stderr]   exit status: 0
[INFO] [stderr]   exit status: 0
[INFO] [stderr] 
[INFO] [stderr]   --- stderr
[INFO] [stderr]   error: 'rustfmt' is not installed for the toolchain 'e6e4f7ed1589e03bc2f6c5931c1a72e7947e8682'
[INFO] [stderr]   note: this is a custom toolchain, which cannot use `rustup component add`
[INFO] [stderr]   help: if you built this toolchain from source, and used `rustup toolchain link`, then you may be able to build the component with `x.py`
[INFO] [stderr]   Failed to run rustfmt: Internal rustfmt error (non-fatal, continuing)
[INFO] [stderr] 
[INFO] [stderr] 
[INFO] [stderr]   error occurred: Command "c++" "-O0" "-ffunction-sections" "-fdata-sections" "-fPIC" "-g" "-fno-omit-frame-pointer" "-m64" "-I" "rocksdb/include/" "-I" "rocksdb/" "-I" "rocksdb/third-party/gtest-1.8.1/fused-src/" "-I" "snappy/" "-I" "lz4/lib/" "-I" "/opt/rustwide/cargo-home/registry/src/index.crates.io-6f17d22bba15001f/zstd-sys-1.6.3+zstd.1.5.2/zstd/lib" "-I" "/opt/rustwide/target/debug/build/libz-sys-7fe7a1cef998fa67/out/include" "-I" "/opt/rustwide/target/debug/build/bzip2-sys-4d45e890c644e956/out/include" "-I" "." "-Wall" "-Wextra" "-std=c++11" "-Wno-unused-parameter" "-msse2" "-DSNAPPY=1" "-DLZ4=1" "-DZSTD=1" "-DZLIB=1" "-DBZIP2=1" "-DNDEBUG=1" "-DOS_LINUX" "-DROCKSDB_PLATFORM_POSIX" "-DROCKSDB_LIB_IO_POSIX" "-DROCKSDB_SUPPORT_THREAD_LOCAL" "-o" "/opt/rustwide/target/debug/build/librocksdb-sys-470f96bc76c2aaa0/out/rocksdb/db/arena_wrapped_db_iter.o" "-c" "rocksdb/db/arena_wrapped_db_iter.cc" with args "c++" did not execute successfully (status code exit status: 1).
[INFO] [stderr] 
[INFO] [stderr] 
[INFO] running `Command { std: "docker" "inspect" "8f867058af85e41a2931bc2113374df0e29f34712db89c3dddd53d9f94812d64", kill_on_drop: false }`
[INFO] running `Command { std: "docker" "rm" "-f" "8f867058af85e41a2931bc2113374df0e29f34712db89c3dddd53d9f94812d64", kill_on_drop: false }`
[INFO] [stdout] 8f867058af85e41a2931bc2113374df0e29f34712db89c3dddd53d9f94812d64
